{"id":2661,"date":"2024-04-30T20:40:02","date_gmt":"2024-04-30T20:40:02","guid":{"rendered":"https:\/\/euacholavras.com.br\/?post_type=product&#038;p=2661"},"modified":"2024-05-02T17:16:10","modified_gmt":"2024-05-02T17:16:10","slug":"apartamento-cobertura-a-venda-em-campo-belo-mg","status":"publish","type":"product","link":"https:\/\/euacholavras.com.br\/?product=apartamento-cobertura-a-venda-em-campo-belo-mg","title":{"rendered":"APARTAMENTO\/COBERTURA A VENDA EM CAMPO BELO, MG."},"content":{"rendered":"<p>IM\u00d3VEL PARA PERMUTA EM IM\u00d3VEIS DE LAVRAS &#8211; ACEITAMOS VALOR MENOR OU VOLTA EM DINHEIRO.<\/p>\n<p><strong>C\u00d3DIGO &#8211; VD14 &#8211; 95<\/strong><\/p>\n<p><strong>ACABAMENTO R\u00daSTICO E DETALHADO.<\/strong><\/p>\n<p>Esse excelente apartamento conta com: Dois dormit\u00f3rios, ambos mobiliados com m\u00f3veis planejados da Dellano; um banheiro social com arm\u00e1rio da Dellano, porcelanato italiano e \u00e1gua com aquecimento solar; su\u00edte master com closet e banheiro com m\u00f3veis planejados da Dellano, banheira de hidromassagem, \u00e1gua aquecida por energia solar e sacada dupla com vista panor\u00e2mica deslumbrante; sala de estar integrada \u00e0 sala de jantar; sacada na sala de jantar com vista panor\u00e2mica; copa integrada \u00e0 sala de TV; cozinha mobiliada com m\u00f3veis planejados da Dellano e cooktop; \u00e1rea gourmet composta por sauna para 8 pessoas, banheiro social, ducha e espa\u00e7o j\u00e1 preparado para a instala\u00e7\u00e3o de ofur\u00f4 ou SPA; \u00e1rea de servi\u00e7o com duas lavanderias, uma interna e outra externa totalmente coberta; acabamento de primeira qualidade, com porcelanato italiano, rebaixamento em gesso e ilumina\u00e7\u00e3o charmosa; duas vagas na garagem; localiza\u00e7\u00e3o privilegiada no cora\u00e7\u00e3o da cidade, na Rua Marechal Deodoro.<\/p>\n","protected":false},"excerpt":{"rendered":"<p>Su\u00edte m\u00e1ster, acabamento premium, duas vagas.<\/p>\n","protected":false},"featured_media":2669,"template":"","meta":[],"product_brand":[],"product_cat":[36,55],"product_tag":[],"class_list":{"0":"post-2661","1":"product","2":"type-product","3":"status-publish","4":"has-post-thumbnail","6":"product_cat-apartamento","7":"product_cat-venda","9":"first","10":"instock","11":"shipping-taxable","12":"purchasable","13":"product-type-simple"},"_links":{"self":[{"href":"https:\/\/euacholavras.com.br\/index.php?rest_route=\/wp\/v2\/product\/2661","targetHints":{"allow":["GET"]}}],"collection":[{"href":"https:\/\/euacholavras.com.br\/index.php?rest_route=\/wp\/v2\/product"}],"about":[{"href":"https:\/\/euacholavras.com.br\/index.php?rest_route=\/wp\/v2\/types\/product"}],"wp:featuredmedia":[{"embeddable":true,"href":"https:\/\/euacholavras.com.br\/index.php?rest_route=\/wp\/v2\/media\/2669"}],"wp:attachment":[{"href":"https:\/\/euacholavras.com.br\/index.php?rest_route=%2Fwp%2Fv2%2Fmedia&parent=2661"}],"wp:term":[{"taxonomy":"product_brand","embeddable":true,"href":"https:\/\/euacholavras.com.br\/index.php?rest_route=%2Fwp%2Fv2%2Fproduct_brand&post=2661"},{"taxonomy":"product_cat","embeddable":true,"href":"https:\/\/euacholavras.com.br\/index.php?rest_route=%2Fwp%2Fv2%2Fproduct_cat&post=2661"},{"taxonomy":"product_tag","embeddable":true,"href":"https:\/\/euacholavras.com.br\/index.php?rest_route=%2Fwp%2Fv2%2Fproduct_tag&post=2661"}],"curies":[{"name":"wp","href":"https:\/\/api.w.org\/{rel}","templated":true}]}}