{"id":3673,"date":"2025-02-18T13:24:58","date_gmt":"2025-02-18T13:24:58","guid":{"rendered":"https:\/\/euacholavras.com.br\/?post_type=product&#038;p=3673"},"modified":"2025-02-18T13:46:07","modified_gmt":"2025-02-18T13:46:07","slug":"%f0%9f%8f%a1-casa-para-locacao-vila-sao-francisco","status":"publish","type":"product","link":"https:\/\/euacholavras.com.br\/?product=%f0%9f%8f%a1-casa-para-locacao-vila-sao-francisco","title":{"rendered":"\ud83c\udfe1 Casa para Loca\u00e7\u00e3o &#8211; Vila S\u00e3o Francisco"},"content":{"rendered":"<p>\u2705 Caracter\u00edsticas do im\u00f3vel:<br \/>\n\u2714 2 dormit\u00f3rios (1 su\u00edte)<br \/>\n\u2714 Sala ampla e arejada<br \/>\n\u2714 Cozinha espa\u00e7osa<br \/>\n\u2714 Banheiro social<br \/>\n\u2714 \u00c1rea de servi\u00e7o ampla e arejada<\/p>\n<p>Venha conhecer e se encantar com seu novo lar! \ud83c\udfe1<\/p>\n<p>C\u00d3DIGO CS16-181<\/p>\n","protected":false},"excerpt":{"rendered":"<p>Casa\u00a0 &#8211; Vila S\u00e3o Francisco<\/p>\n","protected":false},"featured_media":3679,"template":"","meta":[],"product_brand":[],"product_cat":[54,34],"product_tag":[111],"class_list":{"0":"post-3673","1":"product","2":"type-product","3":"status-publish","4":"has-post-thumbnail","6":"product_cat-aluguel","7":"product_cat-casas","8":"product_tag-cs16-181","10":"first","11":"instock","12":"shipping-taxable","13":"purchasable","14":"product-type-simple"},"_links":{"self":[{"href":"https:\/\/euacholavras.com.br\/index.php?rest_route=\/wp\/v2\/product\/3673","targetHints":{"allow":["GET"]}}],"collection":[{"href":"https:\/\/euacholavras.com.br\/index.php?rest_route=\/wp\/v2\/product"}],"about":[{"href":"https:\/\/euacholavras.com.br\/index.php?rest_route=\/wp\/v2\/types\/product"}],"wp:featuredmedia":[{"embeddable":true,"href":"https:\/\/euacholavras.com.br\/index.php?rest_route=\/wp\/v2\/media\/3679"}],"wp:attachment":[{"href":"https:\/\/euacholavras.com.br\/index.php?rest_route=%2Fwp%2Fv2%2Fmedia&parent=3673"}],"wp:term":[{"taxonomy":"product_brand","embeddable":true,"href":"https:\/\/euacholavras.com.br\/index.php?rest_route=%2Fwp%2Fv2%2Fproduct_brand&post=3673"},{"taxonomy":"product_cat","embeddable":true,"href":"https:\/\/euacholavras.com.br\/index.php?rest_route=%2Fwp%2Fv2%2Fproduct_cat&post=3673"},{"taxonomy":"product_tag","embeddable":true,"href":"https:\/\/euacholavras.com.br\/index.php?rest_route=%2Fwp%2Fv2%2Fproduct_tag&post=3673"}],"curies":[{"name":"wp","href":"https:\/\/api.w.org\/{rel}","templated":true}]}}