{"id":3771,"date":"2025-03-28T14:47:04","date_gmt":"2025-03-28T14:47:04","guid":{"rendered":"https:\/\/euacholavras.com.br\/?post_type=product&#038;p=3771"},"modified":"2025-03-28T15:24:34","modified_gmt":"2025-03-28T15:24:34","slug":"kitnet-para-locacao-bairro-pitangui-proxima-a-ufla","status":"publish","type":"product","link":"https:\/\/euacholavras.com.br\/?product=kitnet-para-locacao-bairro-pitangui-proxima-a-ufla","title":{"rendered":"Kitnet para Loca\u00e7\u00e3o &#8211; Bairro Pitangui, Pr\u00f3xima \u00e0 UFLA"},"content":{"rendered":"<p class=\"\" data-start=\"0\" data-end=\"57\"><strong data-start=\"0\" data-end=\"57\">Kitnet para Loca\u00e7\u00e3o &#8211; Bairro Pitangui, Pr\u00f3xima \u00e0 UFLA<\/strong><\/p>\n<p class=\"\" data-start=\"59\" data-end=\"148\">Excelente oportunidade para estudantes e profissionais que buscam praticidade e conforto.<\/p>\n<p class=\"\" data-start=\"150\" data-end=\"163\"><strong data-start=\"150\" data-end=\"163\">Detalhes:<\/strong><\/p>\n<ul data-start=\"164\" data-end=\"336\">\n<li class=\"\" data-start=\"164\" data-end=\"204\">\n<p class=\"\" data-start=\"166\" data-end=\"204\"><strong data-start=\"166\" data-end=\"176\">Valor:<\/strong> R$ 800 (condom\u00ednio incluso)<\/p>\n<\/li>\n<li class=\"\" data-start=\"205\" data-end=\"227\">\n<p class=\"\" data-start=\"207\" data-end=\"227\"><strong data-start=\"207\" data-end=\"218\">C\u00f3digo:<\/strong> KT11-183<\/p>\n<\/li>\n<li class=\"\" data-start=\"228\" data-end=\"336\">\n<p class=\"\" data-start=\"230\" data-end=\"336\"><strong data-start=\"230\" data-end=\"244\">Ambientes:<\/strong> 1 dormit\u00f3rio, sala ampla, cozinha funcional, banheiro, \u00e1rea de servi\u00e7o e 1 vaga de garagem.<\/p>\n<\/li>\n<\/ul>\n<p class=\"\" data-start=\"338\" data-end=\"352\"><strong data-start=\"338\" data-end=\"352\">Destaques:<\/strong><\/p>\n<ul data-start=\"353\" data-end=\"500\">\n<li class=\"\" data-start=\"353\" data-end=\"405\">\n<p class=\"\" data-start=\"355\" data-end=\"405\">Localiza\u00e7\u00e3o privilegiada, a poucos minutos da UFLA<\/p>\n<\/li>\n<li class=\"\" data-start=\"406\" data-end=\"472\">\n<p class=\"\" data-start=\"408\" data-end=\"472\">Pr\u00f3ximo a mercados, farm\u00e1cias, restaurantes e transporte p\u00fablico<\/p>\n<\/li>\n<li class=\"\" data-start=\"473\" data-end=\"500\">\n<p class=\"\" data-start=\"475\" data-end=\"500\">Regi\u00e3o tranquila e segura<\/p>\n<\/li>\n<\/ul>\n<p class=\"\" data-start=\"502\" data-end=\"583\"><strong data-start=\"502\" data-end=\"514\">Contato:<\/strong><br data-start=\"514\" data-end=\"517\" \/>\ud83d\udcde (35) 9197-7824 \u2013 Marcos (Consultor Imobili\u00e1rio)<br data-start=\"567\" data-end=\"570\" \/>CRECI PJ 9205<\/p>\n<p class=\"\" data-start=\"585\" data-end=\"633\">Agende sua visita e aproveite essa oportunidade!<\/p>\n","protected":false},"excerpt":{"rendered":"<p>Kitnet para Loca\u00e7\u00e3o &#8211; Bairro Pitangui, Pr\u00f3xima \u00e0 UFLA Excelente oportunidade para estudantes e profissionais que buscam praticidade e conforto. Detalhes: Valor: R$ 800 (condom\u00ednio incluso) C\u00f3digo: KT11-183 Ambientes: 1 dormit\u00f3rio, sala ampla, cozinha funcional, banheiro, \u00e1rea de servi\u00e7o e 1 vaga de garagem. Destaques: Localiza\u00e7\u00e3o privilegiada, a poucos minutos da UFLA Pr\u00f3ximo a mercados, [&hellip;]<\/p>\n","protected":false},"featured_media":3772,"template":"","meta":[],"product_brand":[],"product_cat":[54,56],"product_tag":[113],"class_list":{"0":"post-3771","1":"product","2":"type-product","3":"status-publish","4":"has-post-thumbnail","6":"product_cat-aluguel","7":"product_cat-kitnet","8":"product_tag-codigo-kt11-183","10":"first","11":"instock","12":"shipping-taxable","13":"purchasable","14":"product-type-simple"},"_links":{"self":[{"href":"https:\/\/euacholavras.com.br\/index.php?rest_route=\/wp\/v2\/product\/3771","targetHints":{"allow":["GET"]}}],"collection":[{"href":"https:\/\/euacholavras.com.br\/index.php?rest_route=\/wp\/v2\/product"}],"about":[{"href":"https:\/\/euacholavras.com.br\/index.php?rest_route=\/wp\/v2\/types\/product"}],"wp:featuredmedia":[{"embeddable":true,"href":"https:\/\/euacholavras.com.br\/index.php?rest_route=\/wp\/v2\/media\/3772"}],"wp:attachment":[{"href":"https:\/\/euacholavras.com.br\/index.php?rest_route=%2Fwp%2Fv2%2Fmedia&parent=3771"}],"wp:term":[{"taxonomy":"product_brand","embeddable":true,"href":"https:\/\/euacholavras.com.br\/index.php?rest_route=%2Fwp%2Fv2%2Fproduct_brand&post=3771"},{"taxonomy":"product_cat","embeddable":true,"href":"https:\/\/euacholavras.com.br\/index.php?rest_route=%2Fwp%2Fv2%2Fproduct_cat&post=3771"},{"taxonomy":"product_tag","embeddable":true,"href":"https:\/\/euacholavras.com.br\/index.php?rest_route=%2Fwp%2Fv2%2Fproduct_tag&post=3771"}],"curies":[{"name":"wp","href":"https:\/\/api.w.org\/{rel}","templated":true}]}}