{"id":4606,"date":"2025-09-25T15:49:34","date_gmt":"2025-09-25T15:49:34","guid":{"rendered":"https:\/\/euacholavras.com.br\/?post_type=product&#038;p=4606"},"modified":"2025-09-25T15:49:34","modified_gmt":"2025-09-25T15:49:34","slug":"lote-a-venda-200-m%c2%b2-na-rua-dalice-dile-pitangui","status":"publish","type":"product","link":"https:\/\/euacholavras.com.br\/?product=lote-a-venda-200-m%c2%b2-na-rua-dalice-dile-pitangui","title":{"rendered":"Lote \u00e0 Venda \u2013 200 m\u00b2 na Rua Dalice Dile (Pitangui)"},"content":{"rendered":"<p>\ud83c\udfe1 Lote \u00e0 Venda \u2013 200 m\u00b2 na Rua Dalice Dile (Pitangui)<\/p>\n<p>Invista em um terreno bem localizado, seguro e pronto para construir! Ideal para quem deseja sair do aluguel ou garantir um excelente investimento em uma das \u00e1reas mais valorizadas de Lavras.<\/p>\n<p>\ud83d\udcd0 200 m\u00b2 de \u00e1rea total<br \/>\nTerreno plano, com grade marrom j\u00e1 instalada e \u00f3timo aproveitamento para constru\u00e7\u00e3o residencial ou comercial.<\/p>\n<p>\ud83d\udccd Localiza\u00e7\u00e3o estrat\u00e9gica \u2013 Rua Dalice Dile (rua abaixo da antiga Premolavras), Bairro Pitangui \u2013 Lavras\/MG<br \/>\nRegi\u00e3o em constante valoriza\u00e7\u00e3o, pr\u00f3xima ao centro, com\u00e9rcios, escolas e transporte p\u00fablico. Qualidade de vida e praticidade em um s\u00f3 lugar.<\/p>\n<p>\ud83d\udcb0 Valor: R$ 150.000,00<br \/>\n\u27a1\ufe0f Negoci\u00e1vel<\/p>\n<p>\ud83c\udfd7\ufe0f Pronto para construir<br \/>\nInfraestrutura com \u00e1gua, energia el\u00e9trica e vias de acesso j\u00e1 consolidadas.<\/p>\n<p>\ud83d\udcf2 Entre em contato com nosso consultor:<br \/>\nMarcus Vin\u00edcius \u2013 Consultor Imobili\u00e1rio<br \/>\n\ud83d\udcf1 (35) 9197-7824<br \/>\n\ud83d\udc68\u200d\ud83d\udcbc CRECI PJ \u2013 9205<\/p>\n<p>\ud83c\udfe2 Visite-nos:<br \/>\nAv. Dr. Sylvio Menicucci, 234 A \u2013 Ign\u00e1cio Valentim \u2013 Lavras\/MG \ud83d\udccc<\/p>\n<p>\ud83d\udd11 Construa sua casa dos sonhos ou aproveite essa oportunidade de investimento seguro. Agende j\u00e1 sua visita e confira de perto!<\/p>\n","protected":false},"excerpt":{"rendered":"<p>\ud83c\udfe1 Lote \u00e0 Venda \u2013 200 m\u00b2 na Rua Dalice Dile (Pitangui) Invista em um terreno bem localizado, seguro e pronto para construir! Ideal para quem deseja sair do aluguel ou garantir um excelente investimento em uma das \u00e1reas mais valorizadas de Lavras. \ud83d\udcd0 200 m\u00b2 de \u00e1rea total Terreno plano, com grade marrom j\u00e1 [&hellip;]<\/p>\n","protected":false},"featured_media":4607,"template":"","meta":[],"product_brand":[],"product_cat":[53,55],"product_tag":[],"class_list":{"0":"post-4606","1":"product","2":"type-product","3":"status-publish","4":"has-post-thumbnail","6":"product_cat-lotes","7":"product_cat-venda","9":"first","10":"instock","11":"shipping-taxable","12":"purchasable","13":"product-type-simple"},"_links":{"self":[{"href":"https:\/\/euacholavras.com.br\/index.php?rest_route=\/wp\/v2\/product\/4606","targetHints":{"allow":["GET"]}}],"collection":[{"href":"https:\/\/euacholavras.com.br\/index.php?rest_route=\/wp\/v2\/product"}],"about":[{"href":"https:\/\/euacholavras.com.br\/index.php?rest_route=\/wp\/v2\/types\/product"}],"wp:featuredmedia":[{"embeddable":true,"href":"https:\/\/euacholavras.com.br\/index.php?rest_route=\/wp\/v2\/media\/4607"}],"wp:attachment":[{"href":"https:\/\/euacholavras.com.br\/index.php?rest_route=%2Fwp%2Fv2%2Fmedia&parent=4606"}],"wp:term":[{"taxonomy":"product_brand","embeddable":true,"href":"https:\/\/euacholavras.com.br\/index.php?rest_route=%2Fwp%2Fv2%2Fproduct_brand&post=4606"},{"taxonomy":"product_cat","embeddable":true,"href":"https:\/\/euacholavras.com.br\/index.php?rest_route=%2Fwp%2Fv2%2Fproduct_cat&post=4606"},{"taxonomy":"product_tag","embeddable":true,"href":"https:\/\/euacholavras.com.br\/index.php?rest_route=%2Fwp%2Fv2%2Fproduct_tag&post=4606"}],"curies":[{"name":"wp","href":"https:\/\/api.w.org\/{rel}","templated":true}]}}