{"id":4638,"date":"2025-09-30T14:42:39","date_gmt":"2025-09-30T14:42:39","guid":{"rendered":"https:\/\/euacholavras.com.br\/?post_type=product&#038;p=4638"},"modified":"2025-09-30T14:42:39","modified_gmt":"2025-09-30T14:42:39","slug":"kitnet-mobiliada-para-locacao-proximo-a-ufla-%f0%9f%8f%a1","status":"publish","type":"product","link":"https:\/\/euacholavras.com.br\/?product=kitnet-mobiliada-para-locacao-proximo-a-ufla-%f0%9f%8f%a1","title":{"rendered":"Kitnet mobiliada para loca\u00e7\u00e3o pr\u00f3ximo a Ufla \ud83c\udfe1"},"content":{"rendered":"<p>Conforto, praticidade e excelente localiza\u00e7\u00e3o, a poucos metros da UFLA!<\/p>\n<p>Se voc\u00ea procura um espa\u00e7o funcional, mobiliado e com \u00f3timo custo-benef\u00edcio, essa \u00e9 a oportunidade perfeita para morar em uma das regi\u00f5es mais procuradas de Lavras.<\/p>\n<p>\ud83d\udccd Localizada em Nova Lavras, pr\u00f3xima \u00e0 UFLA, essa kitnet \u00e9 ideal para estudantes, profissionais e fam\u00edlias que desejam conveni\u00eancia no dia a dia.<\/p>\n<p>\ud83d\udd39 Composi\u00e7\u00e3o do im\u00f3vel:<\/p>\n<p>1 quarto aconchegante \ud83d\udecf\ufe0f<\/p>\n<p>1 banheiro funcional \ud83d\udebf<\/p>\n<p>1 sala bem iluminada \ud83d\udecb\ufe0f<\/p>\n<p>1 cozinha pr\u00e1tica \ud83c\udf73<\/p>\n<p>\u00c1rea de servi\u00e7o \ud83e\uddfa<\/p>\n<p>1 vaga de garagem \ud83d\ude97<\/p>\n<p>Totalmente mobiliada \u2728<\/p>\n<p>\ud83d\udcb0 Aluguel: R$ 1.450\/m\u00eas<br \/>\nConforto e praticidade em uma das regi\u00f5es mais valorizadas de Lavras!<\/p>\n<p>\ud83d\udca1 Seja para estudar, trabalhar ou viver com mais comodidade, essa kitnet mobiliada \u00e9 a escolha ideal.<\/p>\n<p>\ud83d\udcf2 Fale com nosso consultor:<br \/>\nMarcus Vinicius \u2013 Consultor Imobili\u00e1rio<br \/>\n\ud83d\udcf1 (35) 9197-7824<br \/>\n\ud83d\udc68\u200d\ud83d\udcbc CRECI PJ \u2013 9205<\/p>\n<p>\ud83c\udfe2 Visite-nos:<br \/>\nAv. Dr. Sylvio Menicucci, 234 A \u2013 Ign\u00e1cio Valentim \u2013 Lavras\/MG<\/p>\n","protected":false},"excerpt":{"rendered":"<p>Conforto, praticidade e excelente localiza\u00e7\u00e3o, a poucos metros da UFLA! Se voc\u00ea procura um espa\u00e7o funcional, mobiliado e com \u00f3timo custo-benef\u00edcio, essa \u00e9 a oportunidade perfeita para morar em uma das regi\u00f5es mais procuradas de Lavras. \ud83d\udccd Localizada em Nova Lavras, pr\u00f3xima \u00e0 UFLA, essa kitnet \u00e9 ideal para estudantes, profissionais e fam\u00edlias que desejam [&hellip;]<\/p>\n","protected":false},"featured_media":4640,"template":"","meta":[],"product_brand":[],"product_cat":[54,56],"product_tag":[162],"class_list":{"0":"post-4638","1":"product","2":"type-product","3":"status-publish","4":"has-post-thumbnail","6":"product_cat-aluguel","7":"product_cat-kitnet","8":"product_tag-kt4-67","10":"first","11":"instock","12":"shipping-taxable","13":"purchasable","14":"product-type-simple"},"_links":{"self":[{"href":"https:\/\/euacholavras.com.br\/index.php?rest_route=\/wp\/v2\/product\/4638","targetHints":{"allow":["GET"]}}],"collection":[{"href":"https:\/\/euacholavras.com.br\/index.php?rest_route=\/wp\/v2\/product"}],"about":[{"href":"https:\/\/euacholavras.com.br\/index.php?rest_route=\/wp\/v2\/types\/product"}],"wp:featuredmedia":[{"embeddable":true,"href":"https:\/\/euacholavras.com.br\/index.php?rest_route=\/wp\/v2\/media\/4640"}],"wp:attachment":[{"href":"https:\/\/euacholavras.com.br\/index.php?rest_route=%2Fwp%2Fv2%2Fmedia&parent=4638"}],"wp:term":[{"taxonomy":"product_brand","embeddable":true,"href":"https:\/\/euacholavras.com.br\/index.php?rest_route=%2Fwp%2Fv2%2Fproduct_brand&post=4638"},{"taxonomy":"product_cat","embeddable":true,"href":"https:\/\/euacholavras.com.br\/index.php?rest_route=%2Fwp%2Fv2%2Fproduct_cat&post=4638"},{"taxonomy":"product_tag","embeddable":true,"href":"https:\/\/euacholavras.com.br\/index.php?rest_route=%2Fwp%2Fv2%2Fproduct_tag&post=4638"}],"curies":[{"name":"wp","href":"https:\/\/api.w.org\/{rel}","templated":true}]}}