{"id":4681,"date":"2025-09-30T15:58:05","date_gmt":"2025-09-30T15:58:05","guid":{"rendered":"https:\/\/euacholavras.com.br\/?post_type=product&#038;p=4681"},"modified":"2025-10-08T12:36:29","modified_gmt":"2025-10-08T12:36:29","slug":"imovel-disponivel-para-venda-no-bairro-vila-rica","status":"publish","type":"product","link":"https:\/\/euacholavras.com.br\/?product=imovel-disponivel-para-venda-no-bairro-vila-rica","title":{"rendered":"Im\u00f3vel dispon\u00edvel para  venda no Bairro Vila Rica"},"content":{"rendered":"<p data-start=\"149\" data-end=\"262\">\u00a0<strong data-start=\"152\" data-end=\"207\">Im\u00f3ve<\/strong><strong data-start=\"152\" data-end=\"207\">l dispon\u00edvel para loca\u00e7\u00e3o e venda \u2013 Vila Rica!<\/strong><\/p>\n<p data-start=\"264\" data-end=\"423\">\u2728\u00a0<strong data-start=\"266\" data-end=\"289\">Detalhes do im\u00f3vel:<\/strong><br data-start=\"289\" data-end=\"292\" \/>\ud83d\udecf\ufe0f 3 quartos, sendo 1 su\u00edte<br data-start=\"320\" data-end=\"323\" \/>\ud83d\udecb\ufe0f Sala ampla<br data-start=\"337\" data-end=\"340\" \/>\ud83c\udf73 Cozinha funcional<br data-start=\"360\" data-end=\"363\" \/>\ud83d\udebf Banheiro social<br data-start=\"381\" data-end=\"384\" \/>\ud83c\udf3f \u00c1rea externa com c\u00f4modo de despejo<\/p>\n<p data-start=\"264\" data-end=\"423\">\ud83d\ude97 Garagem<\/p>\n<p data-start=\"264\" data-end=\"423\">\ud83c\udf3f Quintal amplo<\/p>\n<p data-start=\"264\" data-end=\"423\">\ud83c\udf56 \u00c1rea gourmet com churrasqueira<\/p>\n<p data-start=\"425\" data-end=\"496\">\ud83d\udcb0\u00a0<strong data-start=\"428\" data-end=\"442\">Condi\u00e7\u00f5es:<\/strong><br data-start=\"468\" data-end=\"471\" \/>\ud83d\udd39 Venda: R$ 380.000,00<\/p>\n<p data-start=\"498\" data-end=\"595\">\ud83d\udccd Localiza\u00e7\u00e3o privilegiada no Bairro Vila Rica \u2013 regi\u00e3o tranquila e de f\u00e1cil acesso em Lavras.<\/p>\n<p data-start=\"597\" data-end=\"731\">\ud83d\udcf2\u00a0<strong data-start=\"600\" data-end=\"622\">Agende sua visita:<\/strong><br data-start=\"622\" data-end=\"625\" \/>\ud83c\udfe2 Eu Acho Empreendimentos Imobili\u00e1rios<br data-start=\"664\" data-end=\"667\" \/>Av. Dr. Sylvio Menicucci, 234 A \u2013 Ign\u00e1cio Valentim \u2013 Lavras\/MG<\/p>\n","protected":false},"excerpt":{"rendered":"<p>\u00a0Im\u00f3vel dispon\u00edvel para loca\u00e7\u00e3o e venda \u2013 Vila Rica! \u2728\u00a0Detalhes do im\u00f3vel:\ud83d\udecf\ufe0f 3 quartos, sendo 1 su\u00edte\ud83d\udecb\ufe0f Sala ampla\ud83c\udf73 Cozinha funcional\ud83d\udebf Banheiro social\ud83c\udf3f \u00c1rea externa com c\u00f4modo de despejo \ud83d\ude97 Garagem \ud83c\udf3f Quintal amplo \ud83c\udf56 \u00c1rea gourmet com churrasqueira \ud83d\udcb0\u00a0Condi\u00e7\u00f5es:\ud83d\udd39 Venda: R$ 380.000,00 \ud83d\udccd Localiza\u00e7\u00e3o privilegiada no Bairro Vila Rica \u2013 regi\u00e3o tranquila e de [&hellip;]<\/p>\n","protected":false},"featured_media":4682,"template":"","meta":[],"product_brand":[],"product_cat":[34,55],"product_tag":[],"class_list":{"0":"post-4681","1":"product","2":"type-product","3":"status-publish","4":"has-post-thumbnail","6":"product_cat-casas","7":"product_cat-venda","9":"first","10":"instock","11":"shipping-taxable","12":"purchasable","13":"product-type-simple"},"_links":{"self":[{"href":"https:\/\/euacholavras.com.br\/index.php?rest_route=\/wp\/v2\/product\/4681","targetHints":{"allow":["GET"]}}],"collection":[{"href":"https:\/\/euacholavras.com.br\/index.php?rest_route=\/wp\/v2\/product"}],"about":[{"href":"https:\/\/euacholavras.com.br\/index.php?rest_route=\/wp\/v2\/types\/product"}],"wp:featuredmedia":[{"embeddable":true,"href":"https:\/\/euacholavras.com.br\/index.php?rest_route=\/wp\/v2\/media\/4682"}],"wp:attachment":[{"href":"https:\/\/euacholavras.com.br\/index.php?rest_route=%2Fwp%2Fv2%2Fmedia&parent=4681"}],"wp:term":[{"taxonomy":"product_brand","embeddable":true,"href":"https:\/\/euacholavras.com.br\/index.php?rest_route=%2Fwp%2Fv2%2Fproduct_brand&post=4681"},{"taxonomy":"product_cat","embeddable":true,"href":"https:\/\/euacholavras.com.br\/index.php?rest_route=%2Fwp%2Fv2%2Fproduct_cat&post=4681"},{"taxonomy":"product_tag","embeddable":true,"href":"https:\/\/euacholavras.com.br\/index.php?rest_route=%2Fwp%2Fv2%2Fproduct_tag&post=4681"}],"curies":[{"name":"wp","href":"https:\/\/api.w.org\/{rel}","templated":true}]}}