{"id":5026,"date":"2025-12-04T14:17:02","date_gmt":"2025-12-04T14:17:02","guid":{"rendered":"https:\/\/euacholavras.com.br\/?post_type=product&#038;p=5026"},"modified":"2025-12-04T14:17:02","modified_gmt":"2025-12-04T14:17:02","slug":"%f0%9f%8f%a2-ponto-comercial-para-locacao-bairro-jardim-floresta","status":"publish","type":"product","link":"https:\/\/euacholavras.com.br\/?product=%f0%9f%8f%a2-ponto-comercial-para-locacao-bairro-jardim-floresta","title":{"rendered":"\ud83c\udfe2 Ponto Comercial para Loca\u00e7\u00e3o \u2013 Bairro Jardim Floresta"},"content":{"rendered":"<p data-start=\"71\" data-end=\"132\">\ud83c\udfe2 <strong data-start=\"74\" data-end=\"132\">Ponto Comercial para Loca\u00e7\u00e3o \u2013 Excelente Oportunidade!<\/strong><\/p>\n<p data-start=\"134\" data-end=\"363\">\u2728 Ponto comercial dispon\u00edvel para loca\u00e7\u00e3o, ideal para quem busca iniciar ou expandir seu neg\u00f3cio em um espa\u00e7o amplo, funcional e bem localizado no bairro Jardim Floresta. Perfeito para com\u00e9rcios, escrit\u00f3rios, lojas, est\u00fadios e diversos tipos de atividade!<\/p>\n<p data-start=\"134\" data-end=\"363\"><img decoding=\"async\" class=\"emoji\" role=\"img\" draggable=\"false\" src=\"https:\/\/s.w.org\/images\/core\/emoji\/16.0.1\/svg\/1f3e1.svg\" alt=\"\ud83c\udfe1\" \/> C\u00f3digo do Im\u00f3vel: CM17-163<\/p>\n<p data-start=\"365\" data-end=\"519\"><strong data-start=\"365\" data-end=\"388\">Detalhes do im\u00f3vel:<\/strong><br data-start=\"388\" data-end=\"391\" \/>\ud83c\udfec Sal\u00e3o amplo com aproximadamente <strong data-start=\"426\" data-end=\"435\">80 m\u00b2<\/strong><br data-start=\"435\" data-end=\"438\" \/>\ud83d\udec1 Banheiro social<br data-start=\"456\" data-end=\"459\" \/>\ud83d\udcd0 Espa\u00e7o vers\u00e1til, bem iluminado e com excelente circula\u00e7\u00e3o<\/p>\n<p data-start=\"521\" data-end=\"565\">\ud83d\udcb0 <strong data-start=\"524\" data-end=\"545\">Valor do aluguel:<\/strong> R$ 1.500,00 mensais<\/p>\n<p data-start=\"567\" data-end=\"676\">\ud83d\udccc Uma \u00f3tima op\u00e7\u00e3o para quem procura um ponto comercial acess\u00edvel, com bom fluxo e estrutura pronta para uso!<\/p>\n<p data-start=\"678\" data-end=\"807\">\ud83d\udcf2 <strong data-start=\"681\" data-end=\"723\">Entre em contato com nossa consultora:<\/strong><br data-start=\"723\" data-end=\"726\" \/>\ud83d\udc69\u200d\ud83d\udcbc Jenifer \u2013 Consultora Imobili\u00e1ria<br data-start=\"764\" data-end=\"767\" \/>\ud83d\udcf1 (35) 9197-7824<br data-start=\"784\" data-end=\"787\" \/>\ud83c\udfe2 CRECI PJ \u2013 9205<\/p>\n<p data-start=\"809\" data-end=\"892\">\ud83d\udccd <strong data-start=\"812\" data-end=\"827\">Visite-nos:<\/strong><br data-start=\"827\" data-end=\"830\" \/>Av. Dr. Silvio Menicucci, 234 A \u2013 Ign\u00e1cio Valentim \u2013 Lavras\/MG<\/p>\n","protected":false},"excerpt":{"rendered":"<p>\ud83c\udfe2 Ponto Comercial para Loca\u00e7\u00e3o \u2013 Excelente Oportunidade! \u2728 Ponto comercial dispon\u00edvel para loca\u00e7\u00e3o, ideal para quem busca iniciar ou expandir seu neg\u00f3cio em um espa\u00e7o amplo, funcional e bem localizado no bairro Jardim Floresta. Perfeito para com\u00e9rcios, escrit\u00f3rios, lojas, est\u00fadios e diversos tipos de atividade! C\u00f3digo do Im\u00f3vel: CM17-163 Detalhes do im\u00f3vel:\ud83c\udfec Sal\u00e3o amplo [&hellip;]<\/p>\n","protected":false},"featured_media":5028,"template":"","meta":[],"product_brand":[],"product_cat":[54,52],"product_tag":[185],"class_list":{"0":"post-5026","1":"product","2":"type-product","3":"status-publish","4":"has-post-thumbnail","6":"product_cat-aluguel","7":"product_cat-pontoscomerciais","8":"product_tag-cm17-163","10":"first","11":"instock","12":"shipping-taxable","13":"purchasable","14":"product-type-simple"},"_links":{"self":[{"href":"https:\/\/euacholavras.com.br\/index.php?rest_route=\/wp\/v2\/product\/5026","targetHints":{"allow":["GET"]}}],"collection":[{"href":"https:\/\/euacholavras.com.br\/index.php?rest_route=\/wp\/v2\/product"}],"about":[{"href":"https:\/\/euacholavras.com.br\/index.php?rest_route=\/wp\/v2\/types\/product"}],"wp:featuredmedia":[{"embeddable":true,"href":"https:\/\/euacholavras.com.br\/index.php?rest_route=\/wp\/v2\/media\/5028"}],"wp:attachment":[{"href":"https:\/\/euacholavras.com.br\/index.php?rest_route=%2Fwp%2Fv2%2Fmedia&parent=5026"}],"wp:term":[{"taxonomy":"product_brand","embeddable":true,"href":"https:\/\/euacholavras.com.br\/index.php?rest_route=%2Fwp%2Fv2%2Fproduct_brand&post=5026"},{"taxonomy":"product_cat","embeddable":true,"href":"https:\/\/euacholavras.com.br\/index.php?rest_route=%2Fwp%2Fv2%2Fproduct_cat&post=5026"},{"taxonomy":"product_tag","embeddable":true,"href":"https:\/\/euacholavras.com.br\/index.php?rest_route=%2Fwp%2Fv2%2Fproduct_tag&post=5026"}],"curies":[{"name":"wp","href":"https:\/\/api.w.org\/{rel}","templated":true}]}}