{"id":5318,"date":"2026-02-09T15:05:07","date_gmt":"2026-02-09T15:05:07","guid":{"rendered":"https:\/\/euacholavras.com.br\/?post_type=product&#038;p=5318"},"modified":"2026-02-09T15:05:07","modified_gmt":"2026-02-09T15:05:07","slug":"%f0%9f%8f%a1-casa-a-venda-bairro-nova-era","status":"publish","type":"product","link":"https:\/\/euacholavras.com.br\/?product=%f0%9f%8f%a1-casa-a-venda-bairro-nova-era","title":{"rendered":"\ud83c\udfe1 Casa \u00e0 venda \u2013 Bairro Nova Era!"},"content":{"rendered":"<p data-start=\"82\" data-end=\"120\">\ud83c\udfe1 <strong data-start=\"85\" data-end=\"120\">Casa \u00e0 venda \u2013 Bairro Nova Era!<\/strong><\/p>\n<p data-start=\"122\" data-end=\"191\">\u2728 Projeto moderno, excelente espa\u00e7o e grande potencial de valoriza\u00e7\u00e3o<\/p>\n<p data-start=\"193\" data-end=\"520\">\u2728 <strong data-start=\"195\" data-end=\"218\">Detalhes do im\u00f3vel:<\/strong><br \/>\n\ud83d\udecf\ufe0f Tr\u00eas dormit\u00f3rios, sendo <strong data-start=\"247\" data-end=\"260\">uma su\u00edte<\/strong><br data-start=\"260\" data-end=\"263\" \/>\ud83d\udecb\ufe0f Sala com <strong data-start=\"276\" data-end=\"296\">p\u00e9-direito duplo<\/strong><br data-start=\"296\" data-end=\"299\" \/>\ud83c\udf73 Cozinha com <strong data-start=\"314\" data-end=\"334\">p\u00e9-direito duplo<\/strong>, trazendo mais ilumina\u00e7\u00e3o e amplitude<br data-start=\"372\" data-end=\"375\" \/>\ud83d\udec1 Banheiro social<br data-start=\"393\" data-end=\"396\" \/>\ud83c\udf3f Lote de <strong data-start=\"407\" data-end=\"417\">260 m\u00b2<\/strong>, com amplo espa\u00e7o para <strong data-start=\"441\" data-end=\"474\">piscina, \u00e1rea gourmet e lazer<\/strong><br data-start=\"474\" data-end=\"477\" \/>\ud83d\ude97 Vagas para <strong data-start=\"491\" data-end=\"518\">dois carros descobertas<\/strong><\/p>\n<p data-start=\"522\" data-end=\"598\">\ud83d\udcb0 <strong data-start=\"525\" data-end=\"539\">Condi\u00e7\u00f5es:<\/strong><br \/>\n\ud83d\udd39 <strong data-start=\"543\" data-end=\"576\">Valor de venda: R$ 385.000,00<\/strong><\/p>\n<p data-start=\"600\" data-end=\"811\">\ud83d\udccd <strong data-start=\"603\" data-end=\"619\">Localiza\u00e7\u00e3o:<\/strong><br \/>\nIm\u00f3vel localizado no <strong data-start=\"641\" data-end=\"660\">Bairro Nova Era<\/strong>, regi\u00e3o tranquila e em constante valoriza\u00e7\u00e3o, ideal para quem busca conforto, modernidade e a possibilidade de personalizar a \u00e1rea externa dos sonhos.<\/p>\n<p data-start=\"813\" data-end=\"976\">\ud83d\udcf2 <strong data-start=\"816\" data-end=\"838\">Agende sua visita:<\/strong><br \/>\n\ud83d\udc68\u200d\ud83d\udcbc <strong data-start=\"845\" data-end=\"885\">Eu Acho Empreendimentos Imobili\u00e1rios<\/strong><br data-start=\"885\" data-end=\"888\" \/>\ud83c\udfe2 Av. Dr. Sylvio Menicucci, 234 A \u2013 Ign\u00e1cio Valentim \u2013 Lavras\/MG<br data-start=\"953\" data-end=\"956\" \/>\ud83d\udcdd CRECI <strong data-start=\"965\" data-end=\"976\">9205 PJ<\/strong><\/p>\n<p data-start=\"978\" data-end=\"1081\">\u2728 <strong data-start=\"980\" data-end=\"1081\">Excelente oportunidade para investir ou morar bem, com espa\u00e7o, estilo e potencial de valoriza\u00e7\u00e3o!<\/strong><\/p>\n","protected":false},"excerpt":{"rendered":"<p>\ud83c\udfe1 Casa \u00e0 venda \u2013 Bairro Nova Era! \u2728 Projeto moderno, excelente espa\u00e7o e grande potencial de valoriza\u00e7\u00e3o \u2728 Detalhes do im\u00f3vel: \ud83d\udecf\ufe0f Tr\u00eas dormit\u00f3rios, sendo uma su\u00edte\ud83d\udecb\ufe0f Sala com p\u00e9-direito duplo\ud83c\udf73 Cozinha com p\u00e9-direito duplo, trazendo mais ilumina\u00e7\u00e3o e amplitude\ud83d\udec1 Banheiro social\ud83c\udf3f Lote de 260 m\u00b2, com amplo espa\u00e7o para piscina, \u00e1rea gourmet e [&hellip;]<\/p>\n","protected":false},"featured_media":5319,"template":"","meta":[],"product_brand":[],"product_cat":[34,55],"product_tag":[],"class_list":{"0":"post-5318","1":"product","2":"type-product","3":"status-publish","4":"has-post-thumbnail","6":"product_cat-casas","7":"product_cat-venda","9":"first","10":"instock","11":"shipping-taxable","12":"purchasable","13":"product-type-simple"},"_links":{"self":[{"href":"https:\/\/euacholavras.com.br\/index.php?rest_route=\/wp\/v2\/product\/5318","targetHints":{"allow":["GET"]}}],"collection":[{"href":"https:\/\/euacholavras.com.br\/index.php?rest_route=\/wp\/v2\/product"}],"about":[{"href":"https:\/\/euacholavras.com.br\/index.php?rest_route=\/wp\/v2\/types\/product"}],"wp:featuredmedia":[{"embeddable":true,"href":"https:\/\/euacholavras.com.br\/index.php?rest_route=\/wp\/v2\/media\/5319"}],"wp:attachment":[{"href":"https:\/\/euacholavras.com.br\/index.php?rest_route=%2Fwp%2Fv2%2Fmedia&parent=5318"}],"wp:term":[{"taxonomy":"product_brand","embeddable":true,"href":"https:\/\/euacholavras.com.br\/index.php?rest_route=%2Fwp%2Fv2%2Fproduct_brand&post=5318"},{"taxonomy":"product_cat","embeddable":true,"href":"https:\/\/euacholavras.com.br\/index.php?rest_route=%2Fwp%2Fv2%2Fproduct_cat&post=5318"},{"taxonomy":"product_tag","embeddable":true,"href":"https:\/\/euacholavras.com.br\/index.php?rest_route=%2Fwp%2Fv2%2Fproduct_tag&post=5318"}],"curies":[{"name":"wp","href":"https:\/\/api.w.org\/{rel}","templated":true}]}}