{"id":5594,"date":"2026-04-01T17:56:06","date_gmt":"2026-04-01T17:56:06","guid":{"rendered":"https:\/\/euacholavras.com.br\/?post_type=product&#038;p=5594"},"modified":"2026-04-01T17:56:07","modified_gmt":"2026-04-01T17:56:07","slug":"%f0%9f%8f%a2-ponto-comercial-disponivel-para-locacao-bairro-pitangui","status":"publish","type":"product","link":"https:\/\/euacholavras.com.br\/?product=%f0%9f%8f%a2-ponto-comercial-disponivel-para-locacao-bairro-pitangui","title":{"rendered":"\ud83c\udfe2 Ponto comercial dispon\u00edvel para loca\u00e7\u00e3o \u2013 Bairro Pitangui!"},"content":{"rendered":"<section class=\"text-token-text-primary w-full focus:outline-none [--shadow-height:45px] has-data-writing-block:pointer-events-none has-data-writing-block:-mt-(--shadow-height) has-data-writing-block:pt-(--shadow-height) [&amp;:has([data-writing-block])&gt;*]:pointer-events-auto R6Vx5W_threadScrollVars scroll-mb-[calc(var(--scroll-root-safe-area-inset-bottom,0px)+var(--thread-response-height,0px))] scroll-mt-(--header-height)\" dir=\"auto\" data-turn-id=\"2efb8993-0a2b-485e-ba5c-90d6ddd6d55e\" data-testid=\"conversation-turn-85\" data-scroll-anchor=\"false\" data-turn=\"user\"><\/section>\n<section class=\"text-token-text-primary w-full focus:outline-none [--shadow-height:45px] has-data-writing-block:pointer-events-none has-data-writing-block:-mt-(--shadow-height) has-data-writing-block:pt-(--shadow-height) [&amp;:has([data-writing-block])&gt;*]:pointer-events-auto R6Vx5W_threadScrollVars scroll-mb-[calc(var(--scroll-root-safe-area-inset-bottom,0px)+var(--thread-response-height,0px))] scroll-mt-[calc(var(--header-height)+min(200px,max(70px,20svh)))]\" dir=\"auto\" data-turn-id=\"request-69c55eeb-438c-83e9-87cb-0d377dee283d-41\" data-testid=\"conversation-turn-86\" data-scroll-anchor=\"false\" data-turn=\"assistant\">\n<div class=\"text-base my-auto mx-auto pb-10 [--thread-content-margin:var(--thread-content-margin-xs,calc(var(--spacing)*4))] @w-sm\/main:[--thread-content-margin:var(--thread-content-margin-sm,calc(var(--spacing)*6))] @w-lg\/main:[--thread-content-margin:var(--thread-content-margin-lg,calc(var(--spacing)*16))] px-(--thread-content-margin)\">\n<div class=\"[--thread-content-max-width:40rem] @w-lg\/main:[--thread-content-max-width:48rem] mx-auto max-w-(--thread-content-max-width) flex-1 group\/turn-messages focus-visible:outline-hidden relative flex w-full min-w-0 flex-col agent-turn\">\n<div class=\"flex max-w-full flex-col gap-4 grow\">\n<div class=\"min-h-8 text-message relative flex w-full flex-col items-end gap-2 text-start break-words whitespace-normal outline-none keyboard-focused:focus-ring [.text-message+&amp;]:mt-1\" dir=\"auto\" tabindex=\"0\" data-message-author-role=\"assistant\" data-message-id=\"5e91554a-d9e5-4b02-96bb-628f606afb27\" data-message-model-slug=\"gpt-5-3\" data-turn-start-message=\"true\">\n<div class=\"flex w-full flex-col gap-1 empty:hidden\">\n<div class=\"markdown prose dark:prose-invert w-full wrap-break-word dark markdown-new-styling\">\n<p data-start=\"0\" data-end=\"65\">\ud83c\udfe2 <strong data-start=\"3\" data-end=\"65\">Ponto comercial dispon\u00edvel para loca\u00e7\u00e3o \u2013 Bairro Pitangui!<\/strong><\/p>\n<p data-start=\"67\" data-end=\"89\">\ud83d\udccc <strong data-start=\"70\" data-end=\"89\">C\u00f3digo: CM10-105<\/strong><\/p>\n<p data-start=\"91\" data-end=\"257\">\u2728 <strong data-start=\"93\" data-end=\"116\">Detalhes do im\u00f3vel:<\/strong><br data-start=\"116\" data-end=\"119\" \/>\ud83c\udfec Espa\u00e7o comercial reformado<br data-start=\"148\" data-end=\"151\" \/>\ud83d\udec1 Banheiro<br data-start=\"162\" data-end=\"165\" \/>\u2728 Ambiente pronto para uso, ideal para diversos tipos de com\u00e9rcio ou presta\u00e7\u00e3o de servi\u00e7os<\/p>\n<p data-start=\"259\" data-end=\"307\">\ud83d\udcb0 <strong data-start=\"262\" data-end=\"276\">Condi\u00e7\u00f5es:<\/strong><br data-start=\"276\" data-end=\"279\" \/>\ud83d\udd39 Aluguel: R$1.100,00 mensal<\/p>\n<p data-start=\"309\" data-end=\"489\">\ud83d\udccd <strong data-start=\"312\" data-end=\"328\">Localiza\u00e7\u00e3o:<\/strong><br data-start=\"328\" data-end=\"331\" \/>Im\u00f3vel localizado no Bairro Pitangui, em regi\u00e3o com boa circula\u00e7\u00e3o e f\u00e1cil acesso, oferecendo \u00f3tima visibilidade e praticidade para instala\u00e7\u00e3o do seu neg\u00f3cio.<\/p>\n<p data-start=\"491\" data-end=\"650\">\ud83d\udcf2 <strong data-start=\"494\" data-end=\"516\">Agende sua visita:<\/strong><br data-start=\"516\" data-end=\"519\" \/>\ud83d\udc68\u200d\ud83d\udcbc Eu Acho Empreendimentos Imobili\u00e1rios<br data-start=\"561\" data-end=\"564\" \/>\ud83c\udfe2 Av. Dr. Sylvio Menicucci, 234 A \u2013 Ign\u00e1cio Valentim \u2013 Lavras\/MG<br data-start=\"629\" data-end=\"632\" \/>\ud83d\udcdd CRECI 9205 PJ<\/p>\n<p data-start=\"652\" data-end=\"761\" data-is-last-node=\"\" data-is-only-node=\"\">\u2728 Excelente oportunidade para quem busca um espa\u00e7o comercial reformado e pronto para iniciar suas atividades!<\/p>\n<\/div>\n<\/div>\n<\/div>\n<\/div>\n<\/div>\n<\/div>\n<\/section>\n","protected":false},"excerpt":{"rendered":"<p>\ud83c\udfe2 Ponto comercial dispon\u00edvel para loca\u00e7\u00e3o \u2013 Bairro Pitangui! \ud83d\udccc C\u00f3digo: CM10-105 \u2728 Detalhes do im\u00f3vel:\ud83c\udfec Espa\u00e7o comercial reformado\ud83d\udec1 Banheiro\u2728 Ambiente pronto para uso, ideal para diversos tipos de com\u00e9rcio ou presta\u00e7\u00e3o de servi\u00e7os \ud83d\udcb0 Condi\u00e7\u00f5es:\ud83d\udd39 Aluguel: R$1.100,00 mensal \ud83d\udccd Localiza\u00e7\u00e3o:Im\u00f3vel localizado no Bairro Pitangui, em regi\u00e3o com boa circula\u00e7\u00e3o e f\u00e1cil acesso, oferecendo \u00f3tima [&hellip;]<\/p>\n","protected":false},"featured_media":5598,"comment_status":"open","ping_status":"closed","template":"","meta":[],"product_brand":[],"product_cat":[54,52],"product_tag":[212],"class_list":{"0":"post-5594","1":"product","2":"type-product","3":"status-publish","4":"has-post-thumbnail","6":"product_cat-aluguel","7":"product_cat-pontoscomerciais","8":"product_tag-cm10-105","10":"first","11":"instock","12":"shipping-taxable","13":"purchasable","14":"product-type-simple"},"_links":{"self":[{"href":"https:\/\/euacholavras.com.br\/index.php?rest_route=\/wp\/v2\/product\/5594","targetHints":{"allow":["GET"]}}],"collection":[{"href":"https:\/\/euacholavras.com.br\/index.php?rest_route=\/wp\/v2\/product"}],"about":[{"href":"https:\/\/euacholavras.com.br\/index.php?rest_route=\/wp\/v2\/types\/product"}],"replies":[{"embeddable":true,"href":"https:\/\/euacholavras.com.br\/index.php?rest_route=%2Fwp%2Fv2%2Fcomments&post=5594"}],"wp:featuredmedia":[{"embeddable":true,"href":"https:\/\/euacholavras.com.br\/index.php?rest_route=\/wp\/v2\/media\/5598"}],"wp:attachment":[{"href":"https:\/\/euacholavras.com.br\/index.php?rest_route=%2Fwp%2Fv2%2Fmedia&parent=5594"}],"wp:term":[{"taxonomy":"product_brand","embeddable":true,"href":"https:\/\/euacholavras.com.br\/index.php?rest_route=%2Fwp%2Fv2%2Fproduct_brand&post=5594"},{"taxonomy":"product_cat","embeddable":true,"href":"https:\/\/euacholavras.com.br\/index.php?rest_route=%2Fwp%2Fv2%2Fproduct_cat&post=5594"},{"taxonomy":"product_tag","embeddable":true,"href":"https:\/\/euacholavras.com.br\/index.php?rest_route=%2Fwp%2Fv2%2Fproduct_tag&post=5594"}],"curies":[{"name":"wp","href":"https:\/\/api.w.org\/{rel}","templated":true}]}}