{"id":5616,"date":"2026-04-06T17:42:13","date_gmt":"2026-04-06T17:42:13","guid":{"rendered":"https:\/\/euacholavras.com.br\/?post_type=product&#038;p=5616"},"modified":"2026-04-06T17:42:13","modified_gmt":"2026-04-06T17:42:13","slug":"%f0%9f%8f%a2-salao-comercial-disponivel-para-locacao-no-bairro-jardim-gloria","status":"publish","type":"product","link":"https:\/\/euacholavras.com.br\/?product=%f0%9f%8f%a2-salao-comercial-disponivel-para-locacao-no-bairro-jardim-gloria","title":{"rendered":"\ud83c\udfe2 Sal\u00e3o comercial dispon\u00edvel para loca\u00e7\u00e3o no Bairro Jardim Gl\u00f3ria!"},"content":{"rendered":"<section class=\"text-token-text-primary w-full focus:outline-none [--shadow-height:45px] has-data-writing-block:pointer-events-none has-data-writing-block:-mt-(--shadow-height) has-data-writing-block:pt-(--shadow-height) [&amp;:has([data-writing-block])&gt;*]:pointer-events-auto R6Vx5W_threadScrollVars scroll-mb-[calc(var(--scroll-root-safe-area-inset-bottom,0px)+var(--thread-response-height,0px))] scroll-mt-(--header-height)\" dir=\"auto\" data-turn-id=\"8462a3ed-efd3-4088-8a84-960d9c976701\" data-testid=\"conversation-turn-89\" data-scroll-anchor=\"false\" data-turn=\"user\"><\/section>\n<section class=\"text-token-text-primary w-full focus:outline-none [--shadow-height:45px] has-data-writing-block:pointer-events-none has-data-writing-block:-mt-(--shadow-height) has-data-writing-block:pt-(--shadow-height) [&amp;:has([data-writing-block])&gt;*]:pointer-events-auto R6Vx5W_threadScrollVars scroll-mb-[calc(var(--scroll-root-safe-area-inset-bottom,0px)+var(--thread-response-height,0px))] scroll-mt-[calc(var(--header-height)+min(200px,max(70px,20svh)))]\" dir=\"auto\" data-turn-id=\"request-69c55eeb-438c-83e9-87cb-0d377dee283d-43\" data-testid=\"conversation-turn-90\" data-scroll-anchor=\"false\" data-turn=\"assistant\">\n<div class=\"text-base my-auto mx-auto pb-10 [--thread-content-margin:var(--thread-content-margin-xs,calc(var(--spacing)*4))] @w-sm\/main:[--thread-content-margin:var(--thread-content-margin-sm,calc(var(--spacing)*6))] @w-lg\/main:[--thread-content-margin:var(--thread-content-margin-lg,calc(var(--spacing)*16))] px-(--thread-content-margin)\">\n<div class=\"[--thread-content-max-width:40rem] @w-lg\/main:[--thread-content-max-width:48rem] mx-auto max-w-(--thread-content-max-width) flex-1 group\/turn-messages focus-visible:outline-hidden relative flex w-full min-w-0 flex-col agent-turn\">\n<div class=\"flex max-w-full flex-col gap-4 grow\">\n<div class=\"min-h-8 text-message relative flex w-full flex-col items-end gap-2 text-start break-words whitespace-normal outline-none keyboard-focused:focus-ring [.text-message+&amp;]:mt-1\" dir=\"auto\" tabindex=\"0\" data-message-author-role=\"assistant\" data-message-id=\"0135ccde-15af-4ccf-b32d-dd53264bb349\" data-message-model-slug=\"gpt-5-3\" data-turn-start-message=\"true\">\n<div class=\"flex w-full flex-col gap-1 empty:hidden\">\n<div class=\"markdown prose dark:prose-invert w-full wrap-break-word dark markdown-new-styling\">\n<p data-start=\"0\" data-end=\"70\">\ud83c\udfe2 <strong data-start=\"3\" data-end=\"70\">Sal\u00e3o comercial dispon\u00edvel para loca\u00e7\u00e3o \u2013 Bairro Jardim Gl\u00f3ria!<\/strong><\/p>\n<p data-start=\"72\" data-end=\"94\">\ud83d\udccc <strong data-start=\"75\" data-end=\"94\">C\u00f3digo: CM3-192<\/strong><\/p>\n<p data-start=\"96\" data-end=\"557\">\u2728 <strong data-start=\"98\" data-end=\"121\">Detalhes do im\u00f3vel:<\/strong><br data-start=\"121\" data-end=\"124\" \/>\ud83c\udfec Sal\u00e3o comercial com aproximadamente 75 m\u00b2<br data-start=\"168\" data-end=\"171\" \/>\ud83c\udf7b Estrutura completa pronta para montagem de bar<br data-start=\"220\" data-end=\"223\" \/>\ud83e\ude91 Sal\u00e3o amplo j\u00e1 mobiliado com mesas, cadeiras e bancadas<br data-start=\"281\" data-end=\"284\" \/>\ud83e\udd64 Porta bebidas instalado<br data-start=\"310\" data-end=\"313\" \/>\ud83d\udec1 02 banheiros<br data-start=\"328\" data-end=\"331\" \/>\ud83c\udf73 Cozinha funcional equipada<br data-start=\"360\" data-end=\"363\" \/>\u2744\ufe0f Freezer<br data-start=\"373\" data-end=\"376\" \/>\ud83d\udd25 Fog\u00e3o industrial<br data-start=\"395\" data-end=\"398\" \/>\ud83c\udf74 Utens\u00edlios de cozinha inclusos<br data-start=\"431\" data-end=\"434\" \/>\ud83c\udf2b\ufe0f Coifa embutida<br data-start=\"452\" data-end=\"455\" \/>\ud83d\udce6 Espa\u00e7o reservado para estoque<br data-start=\"487\" data-end=\"490\" \/>\u2728 Im\u00f3vel totalmente mobiliado e pronto para iniciar as atividades<\/p>\n<p data-start=\"559\" data-end=\"646\">\ud83d\udcb0 <strong data-start=\"562\" data-end=\"576\">Condi\u00e7\u00f5es:<\/strong><br data-start=\"576\" data-end=\"579\" \/>\ud83d\udd39 Aluguel: <strong data-start=\"591\" data-end=\"646\">R$ 6.500,00 mensais (com todos os m\u00f3veis embutidos)<\/strong><\/p>\n<p data-start=\"648\" data-end=\"899\">\ud83d\udccd <strong data-start=\"651\" data-end=\"667\">Localiza\u00e7\u00e3o:<\/strong><br data-start=\"667\" data-end=\"670\" \/>Im\u00f3vel localizado no Bairro Jardim Gl\u00f3ria, em regi\u00e3o estrat\u00e9gica e de f\u00e1cil acesso, ideal para quem deseja abrir ou expandir seu neg\u00f3cio em um espa\u00e7o j\u00e1 estruturado, reduzindo custos iniciais e facilitando o in\u00edcio das opera\u00e7\u00f5es.<\/p>\n<p data-start=\"901\" data-end=\"1060\">\ud83d\udcf2 <strong data-start=\"904\" data-end=\"926\">Agende sua visita:<\/strong><br data-start=\"926\" data-end=\"929\" \/>\ud83d\udc68\u200d\ud83d\udcbc Eu Acho Empreendimentos Imobili\u00e1rios<br data-start=\"971\" data-end=\"974\" \/>\ud83c\udfe2 Av. Dr. Sylvio Menicucci, 234 A \u2013 Ign\u00e1cio Valentim \u2013 Lavras\/MG<br data-start=\"1039\" data-end=\"1042\" \/>\ud83d\udcdd CRECI 9205 PJ<\/p>\n<p data-start=\"1062\" data-end=\"1184\" data-is-last-node=\"\" data-is-only-node=\"\">\u2728 Excelente oportunidade para empreendedores que buscam um ponto comercial completo, equipado e pronto para funcionamento!<\/p>\n<\/div>\n<\/div>\n<\/div>\n<\/div>\n<\/div>\n<\/div>\n<\/section>\n","protected":false},"excerpt":{"rendered":"<p>\ud83c\udfe2 Sal\u00e3o comercial dispon\u00edvel para loca\u00e7\u00e3o \u2013 Bairro Jardim Gl\u00f3ria! \ud83d\udccc C\u00f3digo: CM3-192 \u2728 Detalhes do im\u00f3vel:\ud83c\udfec Sal\u00e3o comercial com aproximadamente 75 m\u00b2\ud83c\udf7b Estrutura completa pronta para montagem de bar\ud83e\ude91 Sal\u00e3o amplo j\u00e1 mobiliado com mesas, cadeiras e bancadas\ud83e\udd64 Porta bebidas instalado\ud83d\udec1 02 banheiros\ud83c\udf73 Cozinha funcional equipada\u2744\ufe0f Freezer\ud83d\udd25 Fog\u00e3o industrial\ud83c\udf74 Utens\u00edlios de cozinha inclusos\ud83c\udf2b\ufe0f Coifa [&hellip;]<\/p>\n","protected":false},"featured_media":5617,"template":"","meta":[],"product_brand":[],"product_cat":[54,52],"product_tag":[213],"class_list":{"0":"post-5616","1":"product","2":"type-product","3":"status-publish","4":"has-post-thumbnail","6":"product_cat-aluguel","7":"product_cat-pontoscomerciais","8":"product_tag-cm3-192","10":"first","11":"instock","12":"shipping-taxable","13":"purchasable","14":"product-type-simple"},"_links":{"self":[{"href":"https:\/\/euacholavras.com.br\/index.php?rest_route=\/wp\/v2\/product\/5616","targetHints":{"allow":["GET"]}}],"collection":[{"href":"https:\/\/euacholavras.com.br\/index.php?rest_route=\/wp\/v2\/product"}],"about":[{"href":"https:\/\/euacholavras.com.br\/index.php?rest_route=\/wp\/v2\/types\/product"}],"wp:featuredmedia":[{"embeddable":true,"href":"https:\/\/euacholavras.com.br\/index.php?rest_route=\/wp\/v2\/media\/5617"}],"wp:attachment":[{"href":"https:\/\/euacholavras.com.br\/index.php?rest_route=%2Fwp%2Fv2%2Fmedia&parent=5616"}],"wp:term":[{"taxonomy":"product_brand","embeddable":true,"href":"https:\/\/euacholavras.com.br\/index.php?rest_route=%2Fwp%2Fv2%2Fproduct_brand&post=5616"},{"taxonomy":"product_cat","embeddable":true,"href":"https:\/\/euacholavras.com.br\/index.php?rest_route=%2Fwp%2Fv2%2Fproduct_cat&post=5616"},{"taxonomy":"product_tag","embeddable":true,"href":"https:\/\/euacholavras.com.br\/index.php?rest_route=%2Fwp%2Fv2%2Fproduct_tag&post=5616"}],"curies":[{"name":"wp","href":"https:\/\/api.w.org\/{rel}","templated":true}]}}