{"id":6575,"date":"2026-07-30T18:25:04","date_gmt":"2026-07-30T18:25:04","guid":{"rendered":"https:\/\/euacholavras.com.br\/?post_type=product&#038;p=6575"},"modified":"2026-07-30T18:25:04","modified_gmt":"2026-07-30T18:25:04","slug":"%f0%9f%8f%a2-apartamento-disponivel-para-locacao-jardim-gloria","status":"publish","type":"product","link":"https:\/\/euacholavras.com.br\/?product=%f0%9f%8f%a2-apartamento-disponivel-para-locacao-jardim-gloria","title":{"rendered":"\ud83c\udfe2 Apartamento dispon\u00edvel para loca\u00e7\u00e3o \u2013 Jardim Gl\u00f3ria!"},"content":{"rendered":"<div class=\"\" data-turn-id-container=\"e365daab-ce9c-46c5-aa16-e3891989f4a0\" data-is-intersecting=\"true\"><\/div>\n<div class=\"\" data-turn-id-container=\"request-WEB:976010ed-a45f-488d-a0e6-159becc9e2d4-1\" data-is-intersecting=\"true\">\n<section class=\"text-token-text-primary w-full focus:outline-none has-data-writing-block:pointer-events-none [&amp;:has([data-writing-block])&gt;*]:pointer-events-auto R6Vx5W_threadScrollVars scroll-mb-[calc(var(--scroll-root-safe-area-inset-bottom,0px)+var(--thread-response-height))] scroll-mt-[calc(var(--header-height)+min(200px,max(70px,20svh)))]\" dir=\"auto\" data-turn-id=\"request-WEB:976010ed-a45f-488d-a0e6-159becc9e2d4-1\" data-turn-id-container=\"request-WEB:976010ed-a45f-488d-a0e6-159becc9e2d4-1\" data-testid=\"conversation-turn-4\" data-turn=\"assistant\">\n<div class=\"text-base my-auto mx-auto pb-3 [--thread-content-margin:var(--thread-content-margin-xs,calc(var(--spacing)*4))] @w-sm\/main:[--thread-content-margin:var(--thread-content-margin-sm,calc(var(--spacing)*6))] @w-lg\/main:[--thread-content-margin:var(--thread-content-margin-lg,calc(var(--spacing)*16))] px-(--thread-content-margin)\">\n<div class=\"[--thread-content-max-width:40rem] @w-lg\/main:[--thread-content-max-width:48rem] mx-auto max-w-(--thread-content-max-width) flex-1 group\/turn-messages focus-visible:outline-hidden relative flex w-full min-w-0 flex-col agent-turn\" data-conversation-screenshot-content=\"\">\n<div class=\"flex max-w-full flex-col gap-4 grow\">\n<div class=\"min-h-8 text-message relative flex w-full flex-col items-end gap-2 text-start break-words whitespace-normal outline-none keyboard-focused:focus-ring [.text-message+&amp;]:mt-1\" dir=\"auto\" tabindex=\"0\" data-message-author-role=\"assistant\" data-message-id=\"2a48d6c3-95ca-41d1-af11-533dc0b4bc4d\" data-message-model-slug=\"gpt-5-5\" data-turn-start-message=\"true\">\n<div class=\"flex w-full flex-col gap-1 empty:hidden\">\n<div class=\"markdown prose dark:prose-invert wrap-break-word w-full dark markdown-new-styling\">\n<p data-start=\"0\" data-end=\"59\">\ud83c\udfe2 <strong data-start=\"3\" data-end=\"59\">Apartamento dispon\u00edvel para loca\u00e7\u00e3o \u2013 Jardim Gl\u00f3ria!<\/strong><\/p>\n<p data-start=\"61\" data-end=\"83\">\ud83d\udccc C\u00f3digo: AP15-131<\/p>\n<p data-start=\"85\" data-end=\"218\">\u2728 Detalhes do im\u00f3vel:<br \/>\n\ud83d\udecf\ufe0f 03 dormit\u00f3rios<br data-start=\"129\" data-end=\"132\" \/>\ud83d\udecb\ufe0f Sala<br data-start=\"140\" data-end=\"143\" \/>\ud83c\udf73 Cozinha<br data-start=\"153\" data-end=\"156\" \/>\ud83d\udec1 02 banheiros<br data-start=\"171\" data-end=\"174\" \/>\ud83e\uddfa \u00c1rea de servi\u00e7o<br data-start=\"192\" data-end=\"195\" \/>\ud83d\ude97 01 vaga de garagem<\/p>\n<p data-start=\"220\" data-end=\"286\">\ud83d\udcb0 Condi\u00e7\u00f5es:<br \/>\n\ud83d\udd39 Aluguel: R$1.600,00 mensais + condom\u00ednio<\/p>\n<p data-start=\"288\" data-end=\"565\">\ud83d\udccd<strong data-start=\"291\" data-end=\"307\"> Localiza\u00e7\u00e3o:<\/strong><br \/>\nIm\u00f3vel localizado no <strong data-start=\"329\" data-end=\"353\">bairro Jardim Gl\u00f3ria<\/strong>, em uma regi\u00e3o tranquila e de f\u00e1cil acesso, pr\u00f3ximo a supermercados, escolas, farm\u00e1cias, universidades e demais servi\u00e7os essenciais. Uma excelente op\u00e7\u00e3o para quem busca conforto, praticidade e qualidade de vida.<\/p>\n<p data-start=\"567\" data-end=\"730\">\ud83d\udcf2 Agende sua visita:<br \/>\n<strong>\ud83d\udc68\u200d\ud83d\udcbc <\/strong>Eu Acho Empreendimentos Imobili\u00e1rios<br data-start=\"639\" data-end=\"642\" \/>\ud83c\udfe2 Av. Dr. Sylvio Menicucci, 234 A \u2013 Ign\u00e1cio Valentim \u2013 Lavras\/MG<br data-start=\"707\" data-end=\"710\" \/>\ud83d\udcdd CRECI 9205 PJ<\/p>\n<p data-start=\"732\" data-end=\"901\" data-is-last-node=\"\" data-is-only-node=\"\"><strong>\u2728 <\/strong>Excelente oportunidade para quem procura um apartamento amplo, bem distribu\u00eddo e em uma \u00f3tima localiza\u00e7\u00e3o, ideal para quem deseja morar com conforto e praticidade!<\/p>\n<\/div>\n<\/div>\n<\/div>\n<\/div>\n<div class=\"z-0 flex min-h-[46px] justify-start\"><\/div>\n<div class=\"pointer-events-none -mb-px h-px w-full opacity-0\" aria-hidden=\"true\"><\/div>\n<div class=\"pointer-events-none -mb-px h-px w-full opacity-0\" aria-hidden=\"true\"><\/div>\n<div class=\"mt-3 w-full empty:hidden\">\n<div class=\"text-center\">\n<div>\n<div class=\"inline-flex border border-gray-100 dark:border-gray-700 rounded-xl\">\n<div class=\"bg-token-main-surface-tertiary w-px flex-1 self-stretch\"><\/div>\n<\/div>\n<\/div>\n<\/div>\n<\/div>\n<\/div>\n<\/div>\n<\/section>\n<\/div>\n","protected":false},"excerpt":{"rendered":"<p>\ud83c\udfe2 Apartamento dispon\u00edvel para loca\u00e7\u00e3o \u2013 Jardim Gl\u00f3ria! \ud83d\udccc C\u00f3digo: AP15-131 \u2728 Detalhes do im\u00f3vel: \ud83d\udecf\ufe0f 03 dormit\u00f3rios\ud83d\udecb\ufe0f Sala\ud83c\udf73 Cozinha\ud83d\udec1 02 banheiros\ud83e\uddfa \u00c1rea de servi\u00e7o\ud83d\ude97 01 vaga de garagem \ud83d\udcb0 Condi\u00e7\u00f5es: \ud83d\udd39 Aluguel: R$1.600,00 mensais + condom\u00ednio \ud83d\udccd Localiza\u00e7\u00e3o: Im\u00f3vel localizado no bairro Jardim Gl\u00f3ria, em uma regi\u00e3o tranquila e de f\u00e1cil acesso, pr\u00f3ximo a [&hellip;]<\/p>\n","protected":false},"featured_media":6582,"template":"","meta":[],"product_brand":[],"product_cat":[54,36],"product_tag":[266],"class_list":{"0":"post-6575","1":"product","2":"type-product","3":"status-publish","4":"has-post-thumbnail","6":"product_cat-aluguel","7":"product_cat-apartamento","8":"product_tag-ap15-131","10":"first","11":"instock","12":"shipping-taxable","13":"purchasable","14":"product-type-simple"},"_links":{"self":[{"href":"https:\/\/euacholavras.com.br\/index.php?rest_route=\/wp\/v2\/product\/6575","targetHints":{"allow":["GET"]}}],"collection":[{"href":"https:\/\/euacholavras.com.br\/index.php?rest_route=\/wp\/v2\/product"}],"about":[{"href":"https:\/\/euacholavras.com.br\/index.php?rest_route=\/wp\/v2\/types\/product"}],"wp:featuredmedia":[{"embeddable":true,"href":"https:\/\/euacholavras.com.br\/index.php?rest_route=\/wp\/v2\/media\/6582"}],"wp:attachment":[{"href":"https:\/\/euacholavras.com.br\/index.php?rest_route=%2Fwp%2Fv2%2Fmedia&parent=6575"}],"wp:term":[{"taxonomy":"product_brand","embeddable":true,"href":"https:\/\/euacholavras.com.br\/index.php?rest_route=%2Fwp%2Fv2%2Fproduct_brand&post=6575"},{"taxonomy":"product_cat","embeddable":true,"href":"https:\/\/euacholavras.com.br\/index.php?rest_route=%2Fwp%2Fv2%2Fproduct_cat&post=6575"},{"taxonomy":"product_tag","embeddable":true,"href":"https:\/\/euacholavras.com.br\/index.php?rest_route=%2Fwp%2Fv2%2Fproduct_tag&post=6575"}],"curies":[{"name":"wp","href":"https:\/\/api.w.org\/{rel}","templated":true}]}}

🏢 Apartamento disponível para locação – Jardim Glória!

<div class="" data-turn-id-container="e365daab-ce9c-46c5-aa16-e3891989f4a0" data-is-intersecting="true"></div>
<div class="" data-turn-id-container="request-WEB:976010ed-a45f-488d-a0e6-159becc9e2d4-1" data-is-intersecting="true">
<section class="text-token-text-primary w-full focus:outline-none has-data-writing-block:pointer-events-none [&amp;:has([data-writing-block])&gt;*]:pointer-events-auto R6Vx5W_threadScrollVars scroll-mb-[calc(var(--scroll-root-safe-area-inset-bottom,0px)+var(--thread-response-height))] scroll-mt-[calc(var(--header-height)+min(200px,max(70px,20svh)))]" dir="auto" data-turn-id="request-WEB:976010ed-a45f-488d-a0e6-159becc9e2d4-1" data-turn-id-container="request-WEB:976010ed-a45f-488d-a0e6-159becc9e2d4-1" data-testid="conversation-turn-4" data-turn="assistant">
<div class="text-base my-auto mx-auto pb-3 [--thread-content-margin:var(--thread-content-margin-xs,calc(var(--spacing)*4))] @w-sm/main:[--thread-content-margin:var(--thread-content-margin-sm,calc(var(--spacing)*6))] @w-lg/main:[--thread-content-margin:var(--thread-content-margin-lg,calc(var(--spacing)*16))] px-(--thread-content-margin)">
<div class="[--thread-content-max-width:40rem] @w-lg/main:[--thread-content-max-width:48rem] mx-auto max-w-(--thread-content-max-width) flex-1 group/turn-messages focus-visible:outline-hidden relative flex w-full min-w-0 flex-col agent-turn" data-conversation-screenshot-content="">
<div class="flex max-w-full flex-col gap-4 grow">
<div class="min-h-8 text-message relative flex w-full flex-col items-end gap-2 text-start break-words whitespace-normal outline-none keyboard-focused:focus-ring [.text-message+&amp;]:mt-1" dir="auto" tabindex="0" data-message-author-role="assistant" data-message-id="2a48d6c3-95ca-41d1-af11-533dc0b4bc4d" data-message-model-slug="gpt-5-5" data-turn-start-message="true">
<div class="flex w-full flex-col gap-1 empty:hidden">
<div class="markdown prose dark:prose-invert wrap-break-word w-full dark markdown-new-styling">
<p data-start="0" data-end="59">🏢 <strong data-start="3" data-end="59">Apartamento disponível para locação – Jardim Glória!</strong></p>
<p data-start="61" data-end="83">📌 Código: AP15-131</p>
<p data-start="85" data-end="218">✨ Detalhes do imóvel:<br />
🛏️ 03 dormitórios<br data-start="129" data-end="132" />🛋️ Sala<br data-start="140" data-end="143" />🍳 Cozinha<br data-start="153" data-end="156" />🛁 02 banheiros<br data-start="171" data-end="174" />🧺 Área de serviço<br data-start="192" data-end="195" />🚗 01 vaga de garagem</p>
<p data-start="220" data-end="286">💰 Condições:<br />
🔹 Aluguel: R$1.600,00 mensais + condomínio</p>
<p data-start="288" data-end="565">📍<strong data-start="291" data-end="307"> Localização:</strong><br />
Imóvel localizado no <strong data-start="329" data-end="353">bairro Jardim Glória</strong>, em uma região tranquila e de fácil acesso, próximo a supermercados, escolas, farmácias, universidades e demais serviços essenciais. Uma excelente opção para quem busca conforto, praticidade e qualidade de vida.</p>
<p data-start="567" data-end="730">📲 Agende sua visita:<br />
<strong>👨‍💼 </strong>Eu Acho Empreendimentos Imobiliários<br data-start="639" data-end="642" />🏢 Av. Dr. Sylvio Menicucci, 234 A – Ignácio Valentim – Lavras/MG<br data-start="707" data-end="710" />📝 CRECI 9205 PJ</p>
<p data-start="732" data-end="901" data-is-last-node="" data-is-only-node=""><strong>✨ </strong>Excelente oportunidade para quem procura um apartamento amplo, bem distribuído e em uma ótima localização, ideal para quem deseja morar com conforto e praticidade!</p>
</div>
</div>
</div>
</div>
<div class="z-0 flex min-h-[46px] justify-start"></div>
<div class="pointer-events-none -mb-px h-px w-full opacity-0" aria-hidden="true"></div>
<div class="pointer-events-none -mb-px h-px w-full opacity-0" aria-hidden="true"></div>
<div class="mt-3 w-full empty:hidden">
<div class="text-center">
<div>
<div class="inline-flex border border-gray-100 dark:border-gray-700 rounded-xl">
<div class="bg-token-main-surface-tertiary w-px flex-1 self-stretch"></div>
</div>
</div>
</div>
</div>
</div>
</div>
</section>
</div>

<p>🏢 Apartamento disponível para locação – Jardim Glória! 📌 Código: AP15-131 ✨ Detalhes do imóvel: 🛏️ 03 dormitórios🛋️ Sala🍳 Cozinha🛁 02 banheiros🧺 Área de serviço🚗 01 vaga de garagem 💰 Condições: 🔹 Aluguel: R$1.600,00 mensais + condomínio 📍 Localização: Imóvel localizado no bairro Jardim Glória, em uma região tranquila e de fácil acesso, próximo a [&hellip;]</p>
