{"id":6598,"date":"2026-07-31T17:31:37","date_gmt":"2026-07-31T17:31:37","guid":{"rendered":"https:\/\/euacholavras.com.br\/?post_type=product&#038;p=6598"},"modified":"2026-08-05T13:40:46","modified_gmt":"2026-08-05T13:40:46","slug":"%f0%9f%8f%a2-apartamento-terreo-disponivel-para-locacao-bairro-retiro","status":"publish","type":"product","link":"https:\/\/euacholavras.com.br\/?product=%f0%9f%8f%a2-apartamento-terreo-disponivel-para-locacao-bairro-retiro","title":{"rendered":"\ud83c\udfe2 Apartamento t\u00e9rreo dispon\u00edvel para loca\u00e7\u00e3o \u2013 Bairro Retiro!"},"content":{"rendered":"<div class=\"flex max-w-full flex-col gap-4 grow\">\n<div class=\"min-h-8 text-message relative flex w-full flex-col items-end gap-2 text-start break-words whitespace-normal outline-none keyboard-focused:focus-ring [.text-message+&amp;]:mt-1\" dir=\"auto\" tabindex=\"0\" data-message-author-role=\"assistant\" data-message-id=\"4e49dbc7-4909-4a3e-8c32-f376bc11a094\" data-message-model-slug=\"gpt-5-5\" data-turn-start-message=\"true\">\n<div class=\"flex w-full flex-col gap-1 empty:hidden\">\n<div class=\"markdown prose dark:prose-invert wrap-break-word w-full dark markdown-new-styling\">\n<p class=\"PDq2pG_selectionAnchorContainer\" data-start=\"0\" data-end=\"66\">\ud83c\udfe2 <strong data-start=\"3\" data-end=\"66\">Apartamento t\u00e9rreo dispon\u00edvel para loca\u00e7\u00e3o \u2013 Bairro Retiro!<\/strong><\/p>\n<p data-start=\"68\" data-end=\"90\">\ud83d\udccc C\u00f3digo: AP15-132<\/p>\n<p data-start=\"92\" data-end=\"266\">\u2728 Detalhes do im\u00f3vel:<br \/>\n\ud83d\udecf\ufe0f 03 dormit\u00f3rios<br data-start=\"136\" data-end=\"139\" \/>\ud83d\udecb\ufe0f Sala<br data-start=\"147\" data-end=\"150\" \/>\ud83c\udf73 Cozinha<br data-start=\"160\" data-end=\"163\" \/>\ud83d\udec1 Banheiro social<br data-start=\"181\" data-end=\"184\" \/>\ud83e\uddfa \u00c1rea de servi\u00e7o<br data-start=\"202\" data-end=\"205\" \/>\ud83d\ude97 Garagem<br data-start=\"215\" data-end=\"218\" \/>\ud83d\udeaa Apartamento t\u00e9rreo<br data-start=\"239\" data-end=\"242\" \/>\u2705 Sem taxa de condom\u00ednio<\/p>\n<p data-start=\"268\" data-end=\"321\">\ud83d\udcb0 Condi\u00e7\u00f5es:<br \/>\n\ud83d\udd39 Aluguel: R$ 1.500,00 mensais<\/p>\n<p data-start=\"323\" data-end=\"633\">\ud83d\udccd Localiza\u00e7\u00e3o:<br \/>\nIm\u00f3vel localizado no <strong data-start=\"364\" data-end=\"381\">bairro Retiro<\/strong>, em uma regi\u00e3o tranquila e de f\u00e1cil acesso, pr\u00f3ximo a supermercados, escolas, farm\u00e1cias e demais servi\u00e7os essenciais. Uma excelente op\u00e7\u00e3o para quem busca praticidade, conforto e a vantagem de morar em um apartamento t\u00e9rreo, sem cobran\u00e7a de condom\u00ednio.<\/p>\n<p data-start=\"635\" data-end=\"798\">\ud83d\udcf2 Agende sua visita:<br \/>\n\ud83d\udc68\u200d\ud83d\udcbc Eu Acho Empreendimentos Imobili\u00e1rios<br data-start=\"707\" data-end=\"710\" \/>\ud83c\udfe2 Av. Dr. Sylvio Menicucci, 234 A \u2013 Ign\u00e1cio Valentim \u2013 Lavras\/MG<br data-start=\"775\" data-end=\"778\" \/>\ud83d\udcdd CRECI 9205 PJ<\/p>\n<p data-start=\"800\" data-end=\"972\" data-is-last-node=\"\" data-is-only-node=\"\">\u2728 Excelente oportunidade para quem procura um apartamento t\u00e9rreo, espa\u00e7oso, sem taxa de condom\u00ednio e em uma \u00f3tima localiza\u00e7\u00e3o, ideal para morar com conforto e economia!<\/p>\n<\/div>\n<\/div>\n<\/div>\n<\/div>\n<div class=\"z-0 flex min-h-[46px] justify-start\"><\/div>\n<div class=\"pointer-events-none -mb-px h-px w-full opacity-0\" aria-hidden=\"true\"><\/div>\n","protected":false},"excerpt":{"rendered":"<p>\ud83c\udfe2 Apartamento t\u00e9rreo dispon\u00edvel para loca\u00e7\u00e3o \u2013 Bairro Retiro! \ud83d\udccc C\u00f3digo: AP15-132 \u2728 Detalhes do im\u00f3vel: \ud83d\udecf\ufe0f 03 dormit\u00f3rios\ud83d\udecb\ufe0f Sala\ud83c\udf73 Cozinha\ud83d\udec1 Banheiro social\ud83e\uddfa \u00c1rea de servi\u00e7o\ud83d\ude97 Garagem\ud83d\udeaa Apartamento t\u00e9rreo\u2705 Sem taxa de condom\u00ednio \ud83d\udcb0 Condi\u00e7\u00f5es: \ud83d\udd39 Aluguel: R$ 1.500,00 mensais \ud83d\udccd Localiza\u00e7\u00e3o: Im\u00f3vel localizado no bairro Retiro, em uma regi\u00e3o tranquila e de f\u00e1cil acesso, [&hellip;]<\/p>\n","protected":false},"featured_media":6600,"template":"","meta":[],"product_brand":[],"product_cat":[54,36],"product_tag":[268],"class_list":{"0":"post-6598","1":"product","2":"type-product","3":"status-publish","4":"has-post-thumbnail","6":"product_cat-aluguel","7":"product_cat-apartamento","8":"product_tag-ap15-132","10":"first","11":"instock","12":"shipping-taxable","13":"purchasable","14":"product-type-simple"},"_links":{"self":[{"href":"https:\/\/euacholavras.com.br\/index.php?rest_route=\/wp\/v2\/product\/6598","targetHints":{"allow":["GET"]}}],"collection":[{"href":"https:\/\/euacholavras.com.br\/index.php?rest_route=\/wp\/v2\/product"}],"about":[{"href":"https:\/\/euacholavras.com.br\/index.php?rest_route=\/wp\/v2\/types\/product"}],"wp:featuredmedia":[{"embeddable":true,"href":"https:\/\/euacholavras.com.br\/index.php?rest_route=\/wp\/v2\/media\/6600"}],"wp:attachment":[{"href":"https:\/\/euacholavras.com.br\/index.php?rest_route=%2Fwp%2Fv2%2Fmedia&parent=6598"}],"wp:term":[{"taxonomy":"product_brand","embeddable":true,"href":"https:\/\/euacholavras.com.br\/index.php?rest_route=%2Fwp%2Fv2%2Fproduct_brand&post=6598"},{"taxonomy":"product_cat","embeddable":true,"href":"https:\/\/euacholavras.com.br\/index.php?rest_route=%2Fwp%2Fv2%2Fproduct_cat&post=6598"},{"taxonomy":"product_tag","embeddable":true,"href":"https:\/\/euacholavras.com.br\/index.php?rest_route=%2Fwp%2Fv2%2Fproduct_tag&post=6598"}],"curies":[{"name":"wp","href":"https:\/\/api.w.org\/{rel}","templated":true}]}}

🏢 Apartamento térreo disponível para locação – Bairro Retiro!

<div class="flex max-w-full flex-col gap-4 grow">
<div class="min-h-8 text-message relative flex w-full flex-col items-end gap-2 text-start break-words whitespace-normal outline-none keyboard-focused:focus-ring [.text-message+&amp;]:mt-1" dir="auto" tabindex="0" data-message-author-role="assistant" data-message-id="4e49dbc7-4909-4a3e-8c32-f376bc11a094" data-message-model-slug="gpt-5-5" data-turn-start-message="true">
<div class="flex w-full flex-col gap-1 empty:hidden">
<div class="markdown prose dark:prose-invert wrap-break-word w-full dark markdown-new-styling">
<p class="PDq2pG_selectionAnchorContainer" data-start="0" data-end="66">🏢 <strong data-start="3" data-end="66">Apartamento térreo disponível para locação – Bairro Retiro!</strong></p>
<p data-start="68" data-end="90">📌 Código: AP15-132</p>
<p data-start="92" data-end="266">✨ Detalhes do imóvel:<br />
🛏️ 03 dormitórios<br data-start="136" data-end="139" />🛋️ Sala<br data-start="147" data-end="150" />🍳 Cozinha<br data-start="160" data-end="163" />🛁 Banheiro social<br data-start="181" data-end="184" />🧺 Área de serviço<br data-start="202" data-end="205" />🚗 Garagem<br data-start="215" data-end="218" />🚪 Apartamento térreo<br data-start="239" data-end="242" />✅ Sem taxa de condomínio</p>
<p data-start="268" data-end="321">💰 Condições:<br />
🔹 Aluguel: R$ 1.500,00 mensais</p>
<p data-start="323" data-end="633">📍 Localização:<br />
Imóvel localizado no <strong data-start="364" data-end="381">bairro Retiro</strong>, em uma região tranquila e de fácil acesso, próximo a supermercados, escolas, farmácias e demais serviços essenciais. Uma excelente opção para quem busca praticidade, conforto e a vantagem de morar em um apartamento térreo, sem cobrança de condomínio.</p>
<p data-start="635" data-end="798">📲 Agende sua visita:<br />
👨‍💼 Eu Acho Empreendimentos Imobiliários<br data-start="707" data-end="710" />🏢 Av. Dr. Sylvio Menicucci, 234 A – Ignácio Valentim – Lavras/MG<br data-start="775" data-end="778" />📝 CRECI 9205 PJ</p>
<p data-start="800" data-end="972" data-is-last-node="" data-is-only-node="">✨ Excelente oportunidade para quem procura um apartamento térreo, espaçoso, sem taxa de condomínio e em uma ótima localização, ideal para morar com conforto e economia!</p>
</div>
</div>
</div>
</div>
<div class="z-0 flex min-h-[46px] justify-start"></div>
<div class="pointer-events-none -mb-px h-px w-full opacity-0" aria-hidden="true"></div>

<p>🏢 Apartamento térreo disponível para locação – Bairro Retiro! 📌 Código: AP15-132 ✨ Detalhes do imóvel: 🛏️ 03 dormitórios🛋️ Sala🍳 Cozinha🛁 Banheiro social🧺 Área de serviço🚗 Garagem🚪 Apartamento térreo✅ Sem taxa de condomínio 💰 Condições: 🔹 Aluguel: R$ 1.500,00 mensais 📍 Localização: Imóvel localizado no bairro Retiro, em uma região tranquila e de fácil acesso, [&hellip;]</p>
