{"id":6669,"date":"2026-08-17T16:20:53","date_gmt":"2026-08-17T16:20:53","guid":{"rendered":"https:\/\/euacholavras.com.br\/?post_type=product&#038;p=6669"},"modified":"2026-08-17T16:20:53","modified_gmt":"2026-08-17T16:20:53","slug":"%f0%9f%8f%a2-ponto-comercial-disponivel-para-locacao-ijaci-mg","status":"publish","type":"product","link":"https:\/\/euacholavras.com.br\/?product=%f0%9f%8f%a2-ponto-comercial-disponivel-para-locacao-ijaci-mg","title":{"rendered":"\ud83c\udfe2 Ponto comercial dispon\u00edvel para loca\u00e7\u00e3o \u2013 Ijaci\/MG!"},"content":{"rendered":"<p class=\"isSelectedEnd\">\ud83c\udfe2<strong> Ponto comercial dispon\u00edvel para loca\u00e7\u00e3o \u2013 Ijaci\/MG!<\/strong><\/p>\n<p class=\"isSelectedEnd\">\ud83d\udccc C\u00f3digo<strong>:<\/strong> CM17-160<\/p>\n<p class=\"isSelectedEnd\">\u2728 Detalhes do im\u00f3vel:<br \/>\n\ud83c\udfea Ponto comercial<br \/>\n\ud83d\udccd Localizado na cidade de Ijaci\/MG<\/p>\n<p class=\"isSelectedEnd\">\ud83d\udcb0 Condi\u00e7\u00f5es:<br \/>\n\ud83d\udd39 Aluguel<strong>:<\/strong> R$690,00 mensais<\/p>\n<p class=\"isSelectedEnd\">\ud83d\udccd Localiza\u00e7\u00e3o:<br \/>\nPonto comercial localizado na cidade de Ijaci, em uma regi\u00e3o de f\u00e1cil acesso, sendo uma excelente oportunidade para quem busca um espa\u00e7o para iniciar ou expandir seu neg\u00f3cio.<\/p>\n<p class=\"isSelectedEnd\">\ud83d\udcf2 Agende sua visita:<br \/>\n\ud83d\udc68\u200d\ud83d\udcbc Eu Acho Empreendimentos Imobili\u00e1rios<br \/>\n\ud83c\udfe2 Av. Dr. Sylvio Menicucci, 234 A \u2013 Ign\u00e1cio Valentim \u2013 Lavras\/MG<br \/>\n\ud83d\udcdd CRECI 9205 PJ<\/p>\n<p>\u2728 Excelente oportunidade para quem procura um ponto comercial com \u00f3timo custo-benef\u00edcio para instalar seu neg\u00f3cio!<\/p>\n","protected":false},"excerpt":{"rendered":"<p>\ud83c\udfe2 Ponto comercial dispon\u00edvel para loca\u00e7\u00e3o \u2013 Ijaci\/MG! \ud83d\udccc C\u00f3digo: CM17-160 \u2728 Detalhes do im\u00f3vel: \ud83c\udfea Ponto comercial \ud83d\udccd Localizado na cidade de Ijaci\/MG \ud83d\udcb0 Condi\u00e7\u00f5es: \ud83d\udd39 Aluguel: R$690,00 mensais \ud83d\udccd Localiza\u00e7\u00e3o: Ponto comercial localizado na cidade de Ijaci, em uma regi\u00e3o de f\u00e1cil acesso, sendo uma excelente oportunidade para quem busca um espa\u00e7o para [&hellip;]<\/p>\n","protected":false},"featured_media":6673,"template":"","meta":[],"product_brand":[],"product_cat":[54,52],"product_tag":[273],"class_list":{"0":"post-6669","1":"product","2":"type-product","3":"status-publish","4":"has-post-thumbnail","6":"product_cat-aluguel","7":"product_cat-pontoscomerciais","8":"product_tag-cm17-160","10":"first","11":"instock","12":"shipping-taxable","13":"purchasable","14":"product-type-simple"},"_links":{"self":[{"href":"https:\/\/euacholavras.com.br\/index.php?rest_route=\/wp\/v2\/product\/6669","targetHints":{"allow":["GET"]}}],"collection":[{"href":"https:\/\/euacholavras.com.br\/index.php?rest_route=\/wp\/v2\/product"}],"about":[{"href":"https:\/\/euacholavras.com.br\/index.php?rest_route=\/wp\/v2\/types\/product"}],"wp:featuredmedia":[{"embeddable":true,"href":"https:\/\/euacholavras.com.br\/index.php?rest_route=\/wp\/v2\/media\/6673"}],"wp:attachment":[{"href":"https:\/\/euacholavras.com.br\/index.php?rest_route=%2Fwp%2Fv2%2Fmedia&parent=6669"}],"wp:term":[{"taxonomy":"product_brand","embeddable":true,"href":"https:\/\/euacholavras.com.br\/index.php?rest_route=%2Fwp%2Fv2%2Fproduct_brand&post=6669"},{"taxonomy":"product_cat","embeddable":true,"href":"https:\/\/euacholavras.com.br\/index.php?rest_route=%2Fwp%2Fv2%2Fproduct_cat&post=6669"},{"taxonomy":"product_tag","embeddable":true,"href":"https:\/\/euacholavras.com.br\/index.php?rest_route=%2Fwp%2Fv2%2Fproduct_tag&post=6669"}],"curies":[{"name":"wp","href":"https:\/\/api.w.org\/{rel}","templated":true}]}}

🏢 Ponto comercial disponível para locação – Ijaci/MG!

<p class="isSelectedEnd">🏢<strong> Ponto comercial disponível para locação – Ijaci/MG!</strong></p>
<p class="isSelectedEnd">📌 Código<strong>:</strong> CM17-160</p>
<p class="isSelectedEnd">✨ Detalhes do imóvel:<br />
🏪 Ponto comercial<br />
📍 Localizado na cidade de Ijaci/MG</p>
<p class="isSelectedEnd">💰 Condições:<br />
🔹 Aluguel<strong>:</strong> R$690,00 mensais</p>
<p class="isSelectedEnd">📍 Localização:<br />
Ponto comercial localizado na cidade de Ijaci, em uma região de fácil acesso, sendo uma excelente oportunidade para quem busca um espaço para iniciar ou expandir seu negócio.</p>
<p class="isSelectedEnd">📲 Agende sua visita:<br />
👨‍💼 Eu Acho Empreendimentos Imobiliários<br />
🏢 Av. Dr. Sylvio Menicucci, 234 A – Ignácio Valentim – Lavras/MG<br />
📝 CRECI 9205 PJ</p>
<p>✨ Excelente oportunidade para quem procura um ponto comercial com ótimo custo-benefício para instalar seu negócio!</p>

<p>🏢 Ponto comercial disponível para locação – Ijaci/MG! 📌 Código: CM17-160 ✨ Detalhes do imóvel: 🏪 Ponto comercial 📍 Localizado na cidade de Ijaci/MG 💰 Condições: 🔹 Aluguel: R$690,00 mensais 📍 Localização: Ponto comercial localizado na cidade de Ijaci, em uma região de fácil acesso, sendo uma excelente oportunidade para quem busca um espaço para [&hellip;]</p>
