{"id":6725,"date":"2026-08-24T17:16:15","date_gmt":"2026-08-24T17:16:15","guid":{"rendered":"https:\/\/euacholavras.com.br\/?post_type=product&#038;p=6725"},"modified":"2026-08-24T17:16:15","modified_gmt":"2026-08-24T17:16:15","slug":"%f0%9f%8f%a1-apartamento-mobiliado-disponivel-para-locacao-centro","status":"publish","type":"product","link":"https:\/\/euacholavras.com.br\/?product=%f0%9f%8f%a1-apartamento-mobiliado-disponivel-para-locacao-centro","title":{"rendered":"\ud83c\udfe1 Apartamento mobiliado dispon\u00edvel para loca\u00e7\u00e3o \u2013 Centro!"},"content":{"rendered":"<p class=\"isSelectedEnd\">\ud83c\udfe1 <strong>Apartamento mobiliado dispon\u00edvel para loca\u00e7\u00e3o \u2013 Centro!<\/strong><\/p>\n<p class=\"isSelectedEnd\">\ud83d\udccc <strong>C\u00f3digo:<\/strong> AP8-139<\/p>\n<p class=\"isSelectedEnd\">\u2728 <strong>Detalhes do im\u00f3vel:<\/strong><br \/>\n\ud83d\udecf\ufe0f 03 quartos, sendo 01 su\u00edte<br \/>\n\ud83d\udecb\ufe0f Sala<br \/>\n\ud83c\udf73 Cozinha<br \/>\n\u2615 Copa<br \/>\n\ud83c\udf24\ufe0f Terra\u00e7o<br \/>\n\ud83e\uddfa \u00c1rea de servi\u00e7o<br \/>\n\ud83d\ude97 01 vaga de garagem<br \/>\n\ud83d\udecb\ufe0f <strong>Mobiliado<\/strong><\/p>\n<p class=\"isSelectedEnd\">\ud83d\udcb0 <strong>Condi\u00e7\u00f5es:<\/strong><br \/>\n\ud83d\udd39 <strong>Aluguel:<\/strong> R$3.000,00 mensais<\/p>\n<p class=\"isSelectedEnd\">\ud83d\udccd <strong>Localiza\u00e7\u00e3o:<\/strong><br \/>\nApartamento mobiliado localizado no Centro, em uma regi\u00e3o privilegiada, com f\u00e1cil acesso a com\u00e9rcios, bancos, supermercados, farm\u00e1cias, restaurantes e demais servi\u00e7os essenciais. O im\u00f3vel oferece ambientes amplos e confort\u00e1veis, al\u00e9m da praticidade de j\u00e1 estar mobiliado, sendo uma excelente op\u00e7\u00e3o para quem busca comodidade e \u00f3tima localiza\u00e7\u00e3o.<\/p>\n<p class=\"isSelectedEnd\">\ud83d\udcf2 <strong>Agende sua visita:<\/strong><br \/>\n\ud83d\udc68\u200d\ud83d\udcbc Eu Acho Empreendimentos Imobili\u00e1rios<br \/>\n\ud83c\udfe2 Av. Dr. Sylvio Menicucci, 234 A \u2013 Ign\u00e1cio Valentim \u2013 Lavras\/MG<br \/>\n\ud83d\udcdd CRECI 9205 PJ<\/p>\n<p>\u2728 <strong>Excelente oportunidade para quem procura um apartamento mobiliado, espa\u00e7oso, confort\u00e1vel e em uma localiza\u00e7\u00e3o privilegiada no Centro!<\/strong><\/p>\n","protected":false},"excerpt":{"rendered":"<p>\ud83c\udfe1 Apartamento mobiliado dispon\u00edvel para loca\u00e7\u00e3o \u2013 Centro! \ud83d\udccc C\u00f3digo: AP8-139 \u2728 Detalhes do im\u00f3vel: \ud83d\udecf\ufe0f 03 quartos, sendo 01 su\u00edte \ud83d\udecb\ufe0f Sala \ud83c\udf73 Cozinha \u2615 Copa \ud83c\udf24\ufe0f Terra\u00e7o \ud83e\uddfa \u00c1rea de servi\u00e7o \ud83d\ude97 01 vaga de garagem \ud83d\udecb\ufe0f Mobiliado \ud83d\udcb0 Condi\u00e7\u00f5es: \ud83d\udd39 Aluguel: R$3.000,00 mensais \ud83d\udccd Localiza\u00e7\u00e3o: Apartamento mobiliado localizado no Centro, em uma [&hellip;]<\/p>\n","protected":false},"featured_media":6727,"template":"","meta":[],"product_brand":[],"product_cat":[54,36],"product_tag":[278],"class_list":{"0":"post-6725","1":"product","2":"type-product","3":"status-publish","4":"has-post-thumbnail","6":"product_cat-aluguel","7":"product_cat-apartamento","8":"product_tag-ap8-139","10":"first","11":"instock","12":"shipping-taxable","13":"purchasable","14":"product-type-simple"},"_links":{"self":[{"href":"https:\/\/euacholavras.com.br\/index.php?rest_route=\/wp\/v2\/product\/6725","targetHints":{"allow":["GET"]}}],"collection":[{"href":"https:\/\/euacholavras.com.br\/index.php?rest_route=\/wp\/v2\/product"}],"about":[{"href":"https:\/\/euacholavras.com.br\/index.php?rest_route=\/wp\/v2\/types\/product"}],"wp:featuredmedia":[{"embeddable":true,"href":"https:\/\/euacholavras.com.br\/index.php?rest_route=\/wp\/v2\/media\/6727"}],"wp:attachment":[{"href":"https:\/\/euacholavras.com.br\/index.php?rest_route=%2Fwp%2Fv2%2Fmedia&parent=6725"}],"wp:term":[{"taxonomy":"product_brand","embeddable":true,"href":"https:\/\/euacholavras.com.br\/index.php?rest_route=%2Fwp%2Fv2%2Fproduct_brand&post=6725"},{"taxonomy":"product_cat","embeddable":true,"href":"https:\/\/euacholavras.com.br\/index.php?rest_route=%2Fwp%2Fv2%2Fproduct_cat&post=6725"},{"taxonomy":"product_tag","embeddable":true,"href":"https:\/\/euacholavras.com.br\/index.php?rest_route=%2Fwp%2Fv2%2Fproduct_tag&post=6725"}],"curies":[{"name":"wp","href":"https:\/\/api.w.org\/{rel}","templated":true}]}}

🏡 Apartamento mobiliado disponível para locação – Centro!

<p class="isSelectedEnd">🏡 <strong>Apartamento mobiliado disponível para locação – Centro!</strong></p>
<p class="isSelectedEnd">📌 <strong>Código:</strong> AP8-139</p>
<p class="isSelectedEnd">✨ <strong>Detalhes do imóvel:</strong><br />
🛏️ 03 quartos, sendo 01 suíte<br />
🛋️ Sala<br />
🍳 Cozinha<br />
☕ Copa<br />
🌤️ Terraço<br />
🧺 Área de serviço<br />
🚗 01 vaga de garagem<br />
🛋️ <strong>Mobiliado</strong></p>
<p class="isSelectedEnd">💰 <strong>Condições:</strong><br />
🔹 <strong>Aluguel:</strong> R$3.000,00 mensais</p>
<p class="isSelectedEnd">📍 <strong>Localização:</strong><br />
Apartamento mobiliado localizado no Centro, em uma região privilegiada, com fácil acesso a comércios, bancos, supermercados, farmácias, restaurantes e demais serviços essenciais. O imóvel oferece ambientes amplos e confortáveis, além da praticidade de já estar mobiliado, sendo uma excelente opção para quem busca comodidade e ótima localização.</p>
<p class="isSelectedEnd">📲 <strong>Agende sua visita:</strong><br />
👨‍💼 Eu Acho Empreendimentos Imobiliários<br />
🏢 Av. Dr. Sylvio Menicucci, 234 A – Ignácio Valentim – Lavras/MG<br />
📝 CRECI 9205 PJ</p>
<p>✨ <strong>Excelente oportunidade para quem procura um apartamento mobiliado, espaçoso, confortável e em uma localização privilegiada no Centro!</strong></p>

<p>🏡 Apartamento mobiliado disponível para locação – Centro! 📌 Código: AP8-139 ✨ Detalhes do imóvel: 🛏️ 03 quartos, sendo 01 suíte 🛋️ Sala 🍳 Cozinha ☕ Copa 🌤️ Terraço 🧺 Área de serviço 🚗 01 vaga de garagem 🛋️ Mobiliado 💰 Condições: 🔹 Aluguel: R$3.000,00 mensais 📍 Localização: Apartamento mobiliado localizado no Centro, em uma [&hellip;]</p>
