{"id":6772,"date":"2026-08-27T17:19:59","date_gmt":"2026-08-27T17:19:59","guid":{"rendered":"https:\/\/euacholavras.com.br\/?post_type=product&#038;p=6772"},"modified":"2026-08-27T17:19:59","modified_gmt":"2026-08-27T17:19:59","slug":"%f0%9f%8f%a2-galpao-novo-disponivel-para-locacao-jardim-gloria","status":"publish","type":"product","link":"https:\/\/euacholavras.com.br\/?product=%f0%9f%8f%a2-galpao-novo-disponivel-para-locacao-jardim-gloria","title":{"rendered":"\ud83c\udfe2 Galp\u00e3o novo dispon\u00edvel para loca\u00e7\u00e3o \u2013 Jardim Gl\u00f3ria!"},"content":{"rendered":"<p class=\"isSelectedEnd\">\ud83c\udfe2 <strong>Galp\u00e3o novo dispon\u00edvel para loca\u00e7\u00e3o \u2013 Jardim Gl\u00f3ria!<\/strong><\/p>\n<p class=\"isSelectedEnd\">\ud83d\udccc C\u00f3digo: GP5-161<\/p>\n<p class=\"isSelectedEnd\">\u2728 Detalhes do im\u00f3vel:<\/p>\n<p class=\"isSelectedEnd\">\ud83d\udcd0 350 m\u00b2 de \u00e1rea<br \/>\n\ud83c\udf73 Cozinha<br \/>\n\ud83d\udec1 Banheiro<br \/>\n\ud83d\ude97 Estacionamento<\/p>\n<p class=\"isSelectedEnd\">\ud83d\udcb0 Condi\u00e7\u00f5es:<\/p>\n<p class=\"isSelectedEnd\">\ud83d\udd39 Aluguel: R$10.000,00 mensais<\/p>\n<p class=\"isSelectedEnd\">\ud83d\udccd Localiza\u00e7\u00e3o:<\/p>\n<p class=\"isSelectedEnd\">Galp\u00e3o novo, localizado no bairro Jardim Gl\u00f3ria, em uma regi\u00e3o estrat\u00e9gica e de f\u00e1cil acesso. Com 350 m\u00b2 de \u00e1rea, o im\u00f3vel oferece amplo espa\u00e7o para instala\u00e7\u00e3o de empresas, com cozinha, banheiro e estacionamento, sendo uma excelente op\u00e7\u00e3o para atividades comerciais e empresariais.<\/p>\n<p class=\"isSelectedEnd\">\ud83d\udcf2 Agende sua visita:<\/p>\n<p class=\"isSelectedEnd\">\ud83d\udc68\u200d\ud83d\udcbc Eu Acho Empreendimentos Imobili\u00e1rios<br \/>\n\ud83c\udfe2 Av. Dr. Sylvio Menicucci, 234 A \u2013 Ign\u00e1cio Valentim \u2013 Lavras\/MG<br \/>\n\ud83d\udcdd CRECI 9205 PJ<\/p>\n<p>\u2728 Excelente oportunidade para empresas que buscam um galp\u00e3o novo, amplo e com \u00f3tima estrutura para suas atividades!<\/p>\n","protected":false},"excerpt":{"rendered":"<p>\ud83c\udfe2 Galp\u00e3o novo dispon\u00edvel para loca\u00e7\u00e3o \u2013 Jardim Gl\u00f3ria! \ud83d\udccc C\u00f3digo: GP5-161 \u2728 Detalhes do im\u00f3vel: \ud83d\udcd0 350 m\u00b2 de \u00e1rea \ud83c\udf73 Cozinha \ud83d\udec1 Banheiro \ud83d\ude97 Estacionamento \ud83d\udcb0 Condi\u00e7\u00f5es: \ud83d\udd39 Aluguel: R$10.000,00 mensais \ud83d\udccd Localiza\u00e7\u00e3o: Galp\u00e3o novo, localizado no bairro Jardim Gl\u00f3ria, em uma regi\u00e3o estrat\u00e9gica e de f\u00e1cil acesso. Com 350 m\u00b2 de \u00e1rea, [&hellip;]<\/p>\n","protected":false},"featured_media":6773,"template":"","meta":[],"product_brand":[],"product_cat":[54,57],"product_tag":[281],"class_list":{"0":"post-6772","1":"product","2":"type-product","3":"status-publish","4":"has-post-thumbnail","6":"product_cat-aluguel","7":"product_cat-galpao","8":"product_tag-gp5-161","10":"first","11":"instock","12":"shipping-taxable","13":"purchasable","14":"product-type-simple"},"_links":{"self":[{"href":"https:\/\/euacholavras.com.br\/index.php?rest_route=\/wp\/v2\/product\/6772","targetHints":{"allow":["GET"]}}],"collection":[{"href":"https:\/\/euacholavras.com.br\/index.php?rest_route=\/wp\/v2\/product"}],"about":[{"href":"https:\/\/euacholavras.com.br\/index.php?rest_route=\/wp\/v2\/types\/product"}],"wp:featuredmedia":[{"embeddable":true,"href":"https:\/\/euacholavras.com.br\/index.php?rest_route=\/wp\/v2\/media\/6773"}],"wp:attachment":[{"href":"https:\/\/euacholavras.com.br\/index.php?rest_route=%2Fwp%2Fv2%2Fmedia&parent=6772"}],"wp:term":[{"taxonomy":"product_brand","embeddable":true,"href":"https:\/\/euacholavras.com.br\/index.php?rest_route=%2Fwp%2Fv2%2Fproduct_brand&post=6772"},{"taxonomy":"product_cat","embeddable":true,"href":"https:\/\/euacholavras.com.br\/index.php?rest_route=%2Fwp%2Fv2%2Fproduct_cat&post=6772"},{"taxonomy":"product_tag","embeddable":true,"href":"https:\/\/euacholavras.com.br\/index.php?rest_route=%2Fwp%2Fv2%2Fproduct_tag&post=6772"}],"curies":[{"name":"wp","href":"https:\/\/api.w.org\/{rel}","templated":true}]}}

🏢 Galpão novo disponível para locação – Jardim Glória!

<p class="isSelectedEnd">🏢 <strong>Galpão novo disponível para locação – Jardim Glória!</strong></p>
<p class="isSelectedEnd">📌 Código: GP5-161</p>
<p class="isSelectedEnd">✨ Detalhes do imóvel:</p>
<p class="isSelectedEnd">📐 350 m² de área<br />
🍳 Cozinha<br />
🛁 Banheiro<br />
🚗 Estacionamento</p>
<p class="isSelectedEnd">💰 Condições:</p>
<p class="isSelectedEnd">🔹 Aluguel: R$10.000,00 mensais</p>
<p class="isSelectedEnd">📍 Localização:</p>
<p class="isSelectedEnd">Galpão novo, localizado no bairro Jardim Glória, em uma região estratégica e de fácil acesso. Com 350 m² de área, o imóvel oferece amplo espaço para instalação de empresas, com cozinha, banheiro e estacionamento, sendo uma excelente opção para atividades comerciais e empresariais.</p>
<p class="isSelectedEnd">📲 Agende sua visita:</p>
<p class="isSelectedEnd">👨‍💼 Eu Acho Empreendimentos Imobiliários<br />
🏢 Av. Dr. Sylvio Menicucci, 234 A – Ignácio Valentim – Lavras/MG<br />
📝 CRECI 9205 PJ</p>
<p>✨ Excelente oportunidade para empresas que buscam um galpão novo, amplo e com ótima estrutura para suas atividades!</p>

<p>🏢 Galpão novo disponível para locação – Jardim Glória! 📌 Código: GP5-161 ✨ Detalhes do imóvel: 📐 350 m² de área 🍳 Cozinha 🛁 Banheiro 🚗 Estacionamento 💰 Condições: 🔹 Aluguel: R$10.000,00 mensais 📍 Localização: Galpão novo, localizado no bairro Jardim Glória, em uma região estratégica e de fácil acesso. Com 350 m² de área, [&hellip;]</p>
